CRAN Package Check Results for Package add2ggplot

Last updated on 2025-02-16 09:50:33 CET.

Flavor Version Tinstall Tcheck Ttotal Status Flags
r-devel-linux-x86_64-debian-clang 0.3.0 4.87 47.88 52.75 OK
r-devel-linux-x86_64-debian-gcc 0.3.0 4.05 34.81 38.86 OK
r-devel-linux-x86_64-fedora-clang 0.3.0 86.77 OK
r-devel-linux-x86_64-fedora-gcc 0.3.0 91.64 OK
r-devel-macos-arm64 0.3.0 42.00 OK
r-devel-macos-x86_64 0.3.0 67.00 OK
r-devel-windows-x86_64 0.3.0 7.00 69.00 76.00 OK
r-patched-linux-x86_64 0.3.0 4.61 44.05 48.66 NOTE
r-release-linux-x86_64 0.3.0 3.86 43.73 47.59 NOTE
r-release-macos-arm64 0.3.0 33.00 NOTE
r-release-macos-x86_64 0.3.0 50.00 NOTE
r-release-windows-x86_64 0.3.0 8.00 65.00 73.00 NOTE
r-oldrel-macos-arm64 0.3.0 35.00 NOTE
r-oldrel-macos-x86_64 0.3.0 53.00 NOTE
r-oldrel-windows-x86_64 0.3.0 8.00 76.00 84.00 NOTE

Check Details

Version: 0.3.0
Check: LazyData
Result: NOTE 'LazyData' is specified without a 'data' directory Flavors: r-patched-linux-x86_64, r-release-linux-x86_64, r-release-macos-arm64, r-release-macos-x86_64, r-release-windows-x86_64, r-oldrel-macos-arm64, r-oldrel-macos-x86_64, r-oldrel-windows-x86_64