Last updated on 2025-02-16 09:50:33 CET.
Flavor | Version | Tinstall | Tcheck | Ttotal | Status | Flags |
---|---|---|---|---|---|---|
r-devel-linux-x86_64-debian-clang | 0.2.3 | 3.64 | 93.12 | 96.76 | OK | |
r-devel-linux-x86_64-debian-gcc | 0.2.3 | 2.82 | 64.83 | 67.65 | OK | |
r-devel-linux-x86_64-fedora-clang | 0.2.3 | 164.41 | OK | |||
r-devel-linux-x86_64-fedora-gcc | 0.2.3 | 150.10 | OK | |||
r-devel-macos-arm64 | 0.2.3 | 48.00 | OK | |||
r-devel-macos-x86_64 | 0.2.3 | 96.00 | OK | |||
r-devel-windows-x86_64 | 0.2.3 | 5.00 | 115.00 | 120.00 | OK | |
r-patched-linux-x86_64 | 0.2.3 | 3.81 | 87.87 | 91.68 | NOTE | |
r-release-linux-x86_64 | 0.2.3 | 3.62 | 87.65 | 91.27 | NOTE | |
r-release-macos-arm64 | 0.2.3 | 55.00 | NOTE | |||
r-release-macos-x86_64 | 0.2.3 | 86.00 | NOTE | |||
r-release-windows-x86_64 | 0.2.3 | 6.00 | 117.00 | 123.00 | NOTE | |
r-oldrel-macos-arm64 | 0.2.3 | 54.00 | NOTE | |||
r-oldrel-macos-x86_64 | 0.2.3 | 88.00 | NOTE | |||
r-oldrel-windows-x86_64 | 0.2.3 | 7.00 | 131.00 | 138.00 | NOTE |
Version: 0.2.3
Check: LazyData
Result: NOTE
'LazyData' is specified without a 'data' directory
Flavors: r-patched-linux-x86_64, r-release-linux-x86_64, r-release-macos-arm64, r-release-macos-x86_64, r-release-windows-x86_64, r-oldrel-macos-arm64, r-oldrel-macos-x86_64, r-oldrel-windows-x86_64