Last updated on 2025-02-19 09:50:41 CET.
Flavor | Version | Tinstall | Tcheck | Ttotal | Status | Flags |
---|---|---|---|---|---|---|
r-devel-linux-x86_64-debian-clang | 2.1.2 | 24.90 | 327.49 | 352.39 | NOTE | |
r-devel-linux-x86_64-debian-gcc | 2.1.2 | 14.53 | 212.26 | 226.79 | NOTE | |
r-devel-linux-x86_64-fedora-clang | 2.1.2 | 562.49 | NOTE | |||
r-devel-linux-x86_64-fedora-gcc | 2.1.2 | 570.52 | NOTE | |||
r-devel-macos-arm64 | 2.1.2 | 156.00 | OK | |||
r-devel-macos-x86_64 | 2.1.2 | 347.00 | NOTE | |||
r-devel-windows-x86_64 | 2.1.2 | 24.00 | 309.00 | 333.00 | NOTE | |
r-patched-linux-x86_64 | 2.1.2 | 23.64 | 306.73 | 330.37 | OK | |
r-release-linux-x86_64 | 2.1.2 | 22.68 | 303.77 | 326.45 | OK | |
r-release-macos-arm64 | 2.1.2 | 133.00 | OK | |||
r-release-macos-x86_64 | 2.1.2 | 198.00 | OK | |||
r-release-windows-x86_64 | 2.1.2 | 22.00 | 318.00 | 340.00 | OK | |
r-oldrel-macos-arm64 | 2.1.2 | 137.00 | OK | |||
r-oldrel-macos-x86_64 | 2.1.2 | 306.00 | OK | |||
r-oldrel-windows-x86_64 | 2.1.2 | 32.00 | 389.00 | 421.00 | OK |
Version: 2.1.2
Check: DESCRIPTION meta-information
Result: NOTE
Missing dependency on R >= 4.1.0 because package code uses the pipe
|> or function shorthand \(...) syntax added in R 4.1.0.
File(s) using such syntax:
‘compute_accumulation_metrics.R’
Flavors: r-devel-linux-x86_64-debian-clang, r-devel-linux-x86_64-debian-gcc, r-devel-linux-x86_64-fedora-clang, r-devel-linux-x86_64-fedora-gcc, r-devel-macos-x86_64, r-devel-windows-x86_64