CRAN Package Check Results for Package acfMPeriod

Last updated on 2025-02-16 09:50:33 CET.

Flavor Version Tinstall Tcheck Ttotal Status Flags
r-devel-linux-x86_64-debian-clang 1.0.0 2.13 23.35 25.48 OK
r-devel-linux-x86_64-debian-gcc 1.0.0 1.62 18.60 20.22 OK
r-devel-linux-x86_64-fedora-clang 1.0.0 42.59 OK
r-devel-linux-x86_64-fedora-gcc 1.0.0 39.49 OK
r-devel-macos-arm64 1.0.0 17.00 OK
r-devel-macos-x86_64 1.0.0 31.00 OK
r-devel-windows-x86_64 1.0.0 4.00 44.00 48.00 OK
r-patched-linux-x86_64 1.0.0 1.96 22.44 24.40 NOTE
r-release-linux-x86_64 1.0.0 1.82 22.53 24.35 NOTE
r-release-macos-arm64 1.0.0 22.00 NOTE
r-release-macos-x86_64 1.0.0 24.00 NOTE
r-release-windows-x86_64 1.0.0 3.00 49.00 52.00 NOTE
r-oldrel-macos-arm64 1.0.0 19.00 NOTE
r-oldrel-macos-x86_64 1.0.0 24.00 NOTE
r-oldrel-windows-x86_64 1.0.0 3.00 44.00 47.00 NOTE

Check Details

Version: 1.0.0
Check: LazyData
Result: NOTE 'LazyData' is specified without a 'data' directory Flavors: r-patched-linux-x86_64, r-release-linux-x86_64, r-release-macos-arm64, r-release-macos-x86_64, r-release-windows-x86_64, r-oldrel-macos-arm64, r-oldrel-macos-x86_64, r-oldrel-windows-x86_64