Last updated on 2025-02-16 09:50:33 CET.
Flavor | Version | Tinstall | Tcheck | Ttotal | Status | Flags |
---|---|---|---|---|---|---|
r-devel-linux-x86_64-debian-clang | 1.4 | 11.42 | 102.96 | 114.38 | NOTE | |
r-devel-linux-x86_64-debian-gcc | 1.4 | 8.78 | 74.08 | 82.86 | NOTE | |
r-devel-linux-x86_64-fedora-clang | 1.4 | 178.06 | NOTE | |||
r-devel-linux-x86_64-fedora-gcc | 1.4 | 167.17 | NOTE | |||
r-devel-macos-arm64 | 1.4 | 59.00 | NOTE | |||
r-devel-macos-x86_64 | 1.4 | 92.00 | NOTE | |||
r-devel-windows-x86_64 | 1.4 | 12.00 | 122.00 | 134.00 | NOTE | |
r-patched-linux-x86_64 | 1.4 | 16.32 | 95.22 | 111.54 | NOTE | |
r-release-linux-x86_64 | 1.4 | 10.89 | 96.66 | 107.55 | NOTE | |
r-release-macos-arm64 | 1.4 | 52.00 | NOTE | |||
r-release-macos-x86_64 | 1.4 | 74.00 | NOTE | |||
r-release-windows-x86_64 | 1.4 | 12.00 | 117.00 | 129.00 | NOTE | |
r-oldrel-macos-arm64 | 1.4 | 39.00 | OK | |||
r-oldrel-macos-x86_64 | 1.4 | 64.00 | OK | |||
r-oldrel-windows-x86_64 | 1.4 | 17.00 | 135.00 | 152.00 | OK |
Version: 1.4
Check: Rd files
Result: NOTE
checkRd: (-1) accelimp.Rd:15: Lost braces
15 | \item[]{...}
| ^
Flavors: r-devel-linux-x86_64-debian-clang, r-devel-linux-x86_64-debian-gcc, r-devel-linux-x86_64-fedora-clang, r-devel-linux-x86_64-fedora-gcc, r-devel-macos-arm64, r-devel-macos-x86_64, r-devel-windows-x86_64, r-patched-linux-x86_64, r-release-linux-x86_64, r-release-macos-arm64, r-release-macos-x86_64, r-release-windows-x86_64
Version: 1.4
Check: Rd cross-references
Result: NOTE
Found the following Rd file(s) with Rd \link{} targets missing package
anchors:
mice.impute.2l.zip.pmm.Rd: mice
mice.impute.2l.zipln.Rd: mice
mice.impute.2l.zipln.pmm.Rd: mice
Please provide package anchors for all Rd \link{} targets not in the
package itself and the base packages.
Flavors: r-devel-linux-x86_64-debian-clang, r-devel-linux-x86_64-debian-gcc, r-devel-windows-x86_64
Version: 1.4
Check: for non-standard things in the check directory
Result: NOTE
Found the following files/directories:
‘acceldata2.RData’
Flavors: r-devel-linux-x86_64-debian-clang, r-devel-linux-x86_64-debian-gcc, r-devel-linux-x86_64-fedora-clang, r-devel-linux-x86_64-fedora-gcc, r-patched-linux-x86_64, r-release-linux-x86_64