Last updated on 2025-02-19 09:50:41 CET.
Flavor | Version | Tinstall | Tcheck | Ttotal | Status | Flags |
---|---|---|---|---|---|---|
r-devel-linux-x86_64-debian-clang | 0.2 | 5.10 | 44.19 | 49.29 | OK | |
r-devel-linux-x86_64-debian-gcc | 0.2 | 3.23 | 31.95 | 35.18 | OK | |
r-devel-linux-x86_64-fedora-clang | 0.2 | 78.87 | OK | |||
r-devel-linux-x86_64-fedora-gcc | 0.2 | 73.46 | OK | |||
r-devel-macos-arm64 | 0.2 | 27.00 | OK | |||
r-devel-macos-x86_64 | 0.2 | 47.00 | OK | |||
r-devel-windows-x86_64 | 0.2 | 7.00 | 64.00 | 71.00 | OK | |
r-patched-linux-x86_64 | 0.2 | 4.65 | 39.78 | 44.43 | OK | |
r-release-linux-x86_64 | 0.2 | 4.94 | 39.45 | 44.39 | OK | |
r-release-macos-arm64 | 0.2 | 25.00 | OK | |||
r-release-macos-x86_64 | 0.2 | 44.00 | OK | |||
r-release-windows-x86_64 | 0.2 | 7.00 | 3.00 | 10.00 | FAIL | |
r-oldrel-macos-arm64 | 0.2 | 27.00 | OK | |||
r-oldrel-macos-x86_64 | 0.2 | 39.00 | OK | |||
r-oldrel-windows-x86_64 | 0.2 | 8.00 | 70.00 | 78.00 | OK |
Version: 0.2
Check: package dependencies
Result: FAIL
Flavor: r-release-windows-x86_64