Last updated on 2025-02-19 09:50:41 CET.
Flavor | Version | Tinstall | Tcheck | Ttotal | Status | Flags |
---|---|---|---|---|---|---|
r-devel-linux-x86_64-debian-clang | 0.1.1 | 1.64 | 18.24 | 19.88 | OK | |
r-devel-linux-x86_64-debian-gcc | 0.1.1 | 1.42 | 15.37 | 16.79 | OK | |
r-devel-linux-x86_64-fedora-clang | 0.1.1 | 31.61 | NOTE | |||
r-devel-linux-x86_64-fedora-gcc | 0.1.1 | 30.21 | NOTE | |||
r-devel-macos-arm64 | 0.1.1 | 15.00 | OK | |||
r-devel-macos-x86_64 | 0.1.1 | 25.00 | OK | |||
r-devel-windows-x86_64 | 0.1.1 | 3.00 | 40.00 | 43.00 | OK | |
r-patched-linux-x86_64 | 0.1.1 | 1.69 | 17.34 | 19.03 | OK | |
r-release-linux-x86_64 | 0.1.1 | 1.65 | 17.52 | 19.17 | OK | |
r-release-macos-arm64 | 0.1.1 | 15.00 | OK | |||
r-release-macos-x86_64 | 0.1.1 | 23.00 | OK | |||
r-release-windows-x86_64 | 0.1.1 | 3.00 | 3.00 | 6.00 | FAIL | |
r-oldrel-macos-arm64 | 0.1.1 | 15.00 | OK | |||
r-oldrel-macos-x86_64 | 0.1.1 | 21.00 | OK | |||
r-oldrel-windows-x86_64 | 0.1.1 | 2.00 | 40.00 | 42.00 | OK |
Version: 0.1.1
Check: dependencies in R code
Result: NOTE
Namespace in Imports field not imported from: ‘MASS’
All declared Imports should be used.
Flavors: r-devel-linux-x86_64-fedora-clang, r-devel-linux-x86_64-fedora-gcc
Version: 0.1.1
Check: package dependencies
Result: FAIL
Flavor: r-release-windows-x86_64