Last updated on 2025-02-20 09:50:42 CET.
Flavor | Version | Tinstall | Tcheck | Ttotal | Status | Flags |
---|---|---|---|---|---|---|
r-devel-linux-x86_64-debian-clang | 0.2-8 | 12.16 | 100.13 | 112.29 | OK | |
r-devel-linux-x86_64-debian-gcc | 0.2-8 | 8.44 | 68.66 | 77.10 | OK | |
r-devel-linux-x86_64-fedora-clang | 0.2-8 | 170.87 | OK | |||
r-devel-linux-x86_64-fedora-gcc | 0.2-8 | 163.88 | OK | |||
r-devel-macos-arm64 | 0.2-8 | 55.00 | OK | |||
r-devel-macos-x86_64 | 0.2-8 | 79.00 | OK | |||
r-devel-windows-x86_64 | 0.2-8 | 14.00 | 151.00 | 165.00 | OK | |
r-patched-linux-x86_64 | 0.2-8 | 11.00 | 90.48 | 101.48 | OK | |
r-release-linux-x86_64 | 0.2-8 | 10.99 | 90.50 | 101.49 | OK | |
r-release-macos-arm64 | 0.2-8 | 49.00 | OK | |||
r-release-macos-x86_64 | 0.2-8 | 70.00 | OK | |||
r-release-windows-x86_64 | 0.2-8 | 14.00 | 3.00 | 17.00 | FAIL | |
r-oldrel-macos-arm64 | 0.2-8 | 56.00 | OK | |||
r-oldrel-macos-x86_64 | 0.2-8 | 104.00 | OK | |||
r-oldrel-windows-x86_64 | 0.2-8 | 19.00 | 206.00 | 225.00 | OK |
Version: 0.2-8
Check: package dependencies
Result: FAIL
Flavor: r-release-windows-x86_64