CRAN Package Check Results for Package aRtsy

Last updated on 2025-04-16 09:52:53 CEST.

Flavor Version Tinstall Tcheck Ttotal Status Flags
r-devel-linux-x86_64-debian-clang 1.0.0 160.79 108.41 269.20 OK
r-devel-linux-x86_64-debian-gcc 1.0.0 111.90 70.93 182.83 OK
r-devel-linux-x86_64-fedora-clang 1.0.0 544.07 OK
r-devel-linux-x86_64-fedora-gcc 1.0.0 487.26 OK
r-devel-windows-x86_64 1.0.0 194.00 150.00 344.00 OK
r-patched-linux-x86_64 1.0.0 153.10 100.43 253.53 OK
r-release-linux-x86_64 1.0.0 158.94 99.57 258.51 OK
r-release-macos-arm64 1.0.0 181.00 OK
r-release-macos-x86_64 1.0.0 177.00 OK
r-release-windows-x86_64 1.0.0 190.00 154.00 344.00 OK
r-oldrel-macos-arm64 1.0.0 122.00 NOTE
r-oldrel-macos-x86_64 1.0.0 143.00 NOTE
r-oldrel-windows-x86_64 1.0.0 220.00 199.00 419.00 OK

Check Details

Version: 1.0.0
Check: installed package size
Result: NOTE installed size is 7.1Mb sub-directories of 1Mb or more: libs 6.0Mb Flavors: r-oldrel-macos-arm64, r-oldrel-macos-x86_64