Last updated on 2025-02-19 09:51:08 CET.
Flavor | Version | Tinstall | Tcheck | Ttotal | Status | Flags |
---|---|---|---|---|---|---|
r-devel-linux-x86_64-debian-clang | 0.1.0 | 4.88 | 45.02 | 49.90 | OK | |
r-devel-linux-x86_64-debian-gcc | 0.1.0 | 3.50 | 33.72 | 37.22 | OK | |
r-devel-linux-x86_64-fedora-clang | 0.1.0 | 79.88 | OK | |||
r-devel-linux-x86_64-fedora-gcc | 0.1.0 | 74.83 | OK | |||
r-devel-macos-arm64 | 0.1.0 | 28.00 | OK | |||
r-devel-macos-x86_64 | 0.1.0 | 49.00 | OK | |||
r-devel-windows-x86_64 | 0.1.0 | 6.00 | 60.00 | 66.00 | OK | |
r-patched-linux-x86_64 | 0.1.0 | 4.84 | 42.91 | 47.75 | OK | |
r-release-linux-x86_64 | 0.1.0 | 3.84 | 43.38 | 47.22 | OK | |
r-release-macos-arm64 | 0.1.0 | 26.00 | OK | |||
r-release-macos-x86_64 | 0.1.0 | 51.00 | OK | |||
r-release-windows-x86_64 | 0.1.0 | 6.00 | 3.00 | 9.00 | FAIL | |
r-oldrel-macos-arm64 | 0.1.0 | 27.00 | OK | |||
r-oldrel-macos-x86_64 | 0.1.0 | 38.00 | OK | |||
r-oldrel-windows-x86_64 | 0.1.0 | 8.00 | 68.00 | 76.00 | OK |
Version: 0.1.0
Check: package dependencies
Result: FAIL
Flavor: r-release-windows-x86_64