Last updated on 2025-02-19 09:51:08 CET.
Flavor | Version | Tinstall | Tcheck | Ttotal | Status | Flags |
---|---|---|---|---|---|---|
r-devel-linux-x86_64-debian-clang | 1.1.1 | 13.12 | 39.16 | 52.28 | OK | |
r-devel-linux-x86_64-debian-gcc | 1.1.1 | 9.59 | 29.48 | 39.07 | OK | |
r-devel-linux-x86_64-fedora-clang | 1.1.1 | 87.88 | OK | |||
r-devel-linux-x86_64-fedora-gcc | 1.1.1 | 82.46 | OK | |||
r-devel-macos-arm64 | 1.1.1 | 28.00 | OK | |||
r-devel-macos-x86_64 | 1.1.1 | 56.00 | OK | |||
r-devel-windows-x86_64 | 1.1.1 | 17.00 | 69.00 | 86.00 | OK | |
r-patched-linux-x86_64 | 1.1.1 | 11.63 | 36.63 | 48.26 | OK | |
r-release-linux-x86_64 | 1.1.1 | 12.16 | 36.74 | 48.90 | OK | |
r-release-macos-arm64 | 1.1.1 | 27.00 | OK | |||
r-release-macos-x86_64 | 1.1.1 | 63.00 | OK | |||
r-release-windows-x86_64 | 1.1.1 | 16.00 | 3.00 | 19.00 | FAIL | |
r-oldrel-macos-arm64 | 1.1.1 | 33.00 | OK | |||
r-oldrel-macos-x86_64 | 1.1.1 | 53.00 | OK | |||
r-oldrel-windows-x86_64 | 1.1.1 | 20.00 | 100.00 | 120.00 | OK |
Version: 1.1.1
Check: package dependencies
Result: FAIL
Flavor: r-release-windows-x86_64