Last updated on 2025-02-19 09:51:08 CET.
Flavor | Version | Tinstall | Tcheck | Ttotal | Status | Flags |
---|---|---|---|---|---|---|
r-devel-linux-x86_64-debian-clang | 0.2.0 | 2.59 | 22.28 | 24.87 | OK | |
r-devel-linux-x86_64-debian-gcc | 0.2.0 | 1.84 | 17.70 | 19.54 | OK | |
r-devel-linux-x86_64-fedora-clang | 0.2.0 | 39.37 | OK | |||
r-devel-linux-x86_64-fedora-gcc | 0.2.0 | 38.66 | OK | |||
r-devel-macos-arm64 | 0.2.0 | 17.00 | OK | |||
r-devel-macos-x86_64 | 0.2.0 | 27.00 | OK | |||
r-devel-windows-x86_64 | 0.2.0 | 5.00 | 56.00 | 61.00 | OK | |
r-patched-linux-x86_64 | 0.2.0 | 2.74 | 21.66 | 24.40 | OK | |
r-release-linux-x86_64 | 0.2.0 | 2.14 | 21.50 | 23.64 | OK | |
r-release-macos-arm64 | 0.2.0 | 16.00 | OK | |||
r-release-macos-x86_64 | 0.2.0 | 31.00 | OK | |||
r-release-windows-x86_64 | 0.2.0 | 4.00 | 3.00 | 7.00 | FAIL | |
r-oldrel-macos-arm64 | 0.2.0 | 20.00 | OK | |||
r-oldrel-macos-x86_64 | 0.2.0 | 36.00 | OK | |||
r-oldrel-windows-x86_64 | 0.2.0 | 5.00 | 54.00 | 59.00 | OK |
Version: 0.2.0
Check: package dependencies
Result: FAIL
Flavor: r-release-windows-x86_64