Last updated on 2025-02-19 09:51:08 CET.
Flavor | Version | Tinstall | Tcheck | Ttotal | Status | Flags |
---|---|---|---|---|---|---|
r-devel-linux-x86_64-debian-clang | 0.8 | 5.92 | 31.62 | 37.54 | OK | |
r-devel-linux-x86_64-debian-gcc | 0.8 | 3.90 | 24.60 | 28.50 | OK | |
r-devel-linux-x86_64-fedora-clang | 0.8 | 59.71 | OK | |||
r-devel-linux-x86_64-fedora-gcc | 0.8 | 57.48 | OK | |||
r-devel-macos-arm64 | 0.8 | 24.00 | OK | |||
r-devel-macos-x86_64 | 0.8 | 38.00 | OK | |||
r-devel-windows-x86_64 | 0.8 | 6.00 | 53.00 | 59.00 | OK | |
r-patched-linux-x86_64 | 0.8 | 4.56 | 30.44 | 35.00 | OK | |
r-release-linux-x86_64 | 0.8 | 4.07 | 30.32 | 34.39 | OK | |
r-release-macos-arm64 | 0.8 | 22.00 | OK | |||
r-release-macos-x86_64 | 0.8 | 38.00 | OK | |||
r-release-windows-x86_64 | 0.8 | 6.00 | 3.00 | 9.00 | FAIL | |
r-oldrel-macos-arm64 | 0.8 | 22.00 | OK | |||
r-oldrel-macos-x86_64 | 0.8 | 34.00 | OK | |||
r-oldrel-windows-x86_64 | 0.8 | 9.00 | 62.00 | 71.00 | OK |
Version: 0.8
Check: package dependencies
Result: FAIL
Flavor: r-release-windows-x86_64