Last updated on 2025-02-19 09:51:07 CET.
Flavor | Version | Tinstall | Tcheck | Ttotal | Status | Flags |
---|---|---|---|---|---|---|
r-devel-linux-x86_64-debian-clang | 1.0.0 | 2.14 | 24.13 | 26.27 | OK | |
r-devel-linux-x86_64-debian-gcc | 1.0.0 | 1.63 | 18.93 | 20.56 | OK | |
r-devel-linux-x86_64-fedora-clang | 1.0.0 | 40.97 | OK | |||
r-devel-linux-x86_64-fedora-gcc | 1.0.0 | 39.54 | OK | |||
r-devel-macos-arm64 | 1.0.0 | 17.00 | OK | |||
r-devel-macos-x86_64 | 1.0.0 | 28.00 | OK | |||
r-devel-windows-x86_64 | 1.0.0 | 3.00 | 50.00 | 53.00 | OK | |
r-patched-linux-x86_64 | 1.0.0 | 1.86 | 22.81 | 24.67 | OK | |
r-release-linux-x86_64 | 1.0.0 | 1.76 | 22.90 | 24.66 | OK | |
r-release-macos-arm64 | 1.0.0 | 17.00 | OK | |||
r-release-macos-x86_64 | 1.0.0 | 23.00 | OK | |||
r-release-windows-x86_64 | 1.0.0 | 4.00 | 3.00 | 7.00 | FAIL | |
r-oldrel-macos-arm64 | 1.0.0 | 17.00 | OK | |||
r-oldrel-macos-x86_64 | 1.0.0 | 24.00 | OK | |||
r-oldrel-windows-x86_64 | 1.0.0 | 3.00 | 78.00 | 81.00 | OK |
Version: 1.0.0
Check: package dependencies
Result: FAIL
Flavor: r-release-windows-x86_64