Last updated on 2025-02-20 09:51:07 CET.
Flavor | Version | Tinstall | Tcheck | Ttotal | Status | Flags |
---|---|---|---|---|---|---|
r-devel-linux-x86_64-debian-clang | 1.1.4 | 23.84 | 320.65 | 344.49 | OK | |
r-devel-linux-x86_64-debian-gcc | 1.1.4 | 15.59 | 216.44 | 232.03 | OK | |
r-devel-linux-x86_64-fedora-clang | 1.1.4 | 518.87 | OK | |||
r-devel-linux-x86_64-fedora-gcc | 1.1.4 | 518.83 | OK | |||
r-devel-macos-arm64 | 1.1.4 | 156.00 | OK | |||
r-devel-macos-x86_64 | 1.1.4 | 282.00 | OK | |||
r-devel-windows-x86_64 | 1.1.4 | 21.00 | 296.00 | 317.00 | OK | |
r-patched-linux-x86_64 | 1.1.4 | 20.92 | 291.49 | 312.41 | OK | |
r-release-linux-x86_64 | 1.1.4 | 21.26 | 296.12 | 317.38 | OK | |
r-release-macos-arm64 | 1.1.4 | 144.00 | NOTE | |||
r-release-macos-x86_64 | 1.1.4 | 213.00 | NOTE | |||
r-release-windows-x86_64 | 1.1.4 | 22.00 | 292.00 | 314.00 | NOTE | |
r-oldrel-macos-arm64 | 1.1.4 | 149.00 | NOTE | |||
r-oldrel-macos-x86_64 | 1.1.4 | 314.00 | NOTE | |||
r-oldrel-windows-x86_64 | 1.1.4 | 31.00 | 361.00 | 392.00 | NOTE |
Version: 1.1.4
Check: installed package size
Result: NOTE
installed size is 5.4Mb
sub-directories of 1Mb or more:
doc 4.3Mb
Flavors: r-release-macos-arm64, r-release-macos-x86_64, r-release-windows-x86_64, r-oldrel-macos-arm64, r-oldrel-macos-x86_64, r-oldrel-windows-x86_64