Last updated on 2025-02-19 09:51:07 CET.
Flavor | Version | Tinstall | Tcheck | Ttotal | Status | Flags |
---|---|---|---|---|---|---|
r-devel-linux-x86_64-debian-clang | 0.2.2 | 1.77 | 40.14 | 41.91 | OK | |
r-devel-linux-x86_64-debian-gcc | 0.2.2 | 1.44 | 28.77 | 30.21 | OK | |
r-devel-linux-x86_64-fedora-clang | 0.2.2 | 64.51 | OK | |||
r-devel-linux-x86_64-fedora-gcc | 0.2.2 | 62.95 | OK | |||
r-devel-macos-arm64 | 0.2.2 | 21.00 | OK | |||
r-devel-macos-x86_64 | 0.2.2 | 50.00 | OK | |||
r-devel-windows-x86_64 | 0.2.2 | 3.00 | 57.00 | 60.00 | OK | |
r-patched-linux-x86_64 | 0.2.2 | 1.76 | 36.76 | 38.52 | NOTE | |
r-release-linux-x86_64 | 0.2.2 | 1.51 | 37.31 | 38.82 | NOTE | |
r-release-macos-arm64 | 0.2.2 | 22.00 | NOTE | |||
r-release-macos-x86_64 | 0.2.2 | 34.00 | NOTE | |||
r-release-windows-x86_64 | 0.2.2 | 3.00 | 3.00 | 6.00 | FAIL | |
r-oldrel-macos-arm64 | 0.2.2 | 24.00 | NOTE | |||
r-oldrel-macos-x86_64 | 0.2.2 | 35.00 | NOTE | |||
r-oldrel-windows-x86_64 | 0.2.2 | 4.00 | 116.00 | 120.00 | NOTE |
Version: 0.2.2
Check: LazyData
Result: NOTE
'LazyData' is specified without a 'data' directory
Flavors: r-patched-linux-x86_64, r-release-linux-x86_64, r-release-macos-arm64, r-release-macos-x86_64, r-oldrel-macos-arm64, r-oldrel-macos-x86_64, r-oldrel-windows-x86_64
Version: 0.2.2
Check: package dependencies
Result: FAIL
Flavor: r-release-windows-x86_64