Last updated on 2025-02-19 09:51:07 CET.
Flavor | Version | Tinstall | Tcheck | Ttotal | Status | Flags |
---|---|---|---|---|---|---|
r-devel-linux-x86_64-debian-clang | 1.4.4 | 11.25 | 153.81 | 165.06 | NOTE | |
r-devel-linux-x86_64-debian-gcc | 1.4.4 | 8.59 | 107.76 | 116.35 | NOTE | |
r-devel-linux-x86_64-fedora-clang | 1.4.4 | 255.79 | OK | |||
r-devel-linux-x86_64-fedora-gcc | 1.4.4 | 262.50 | OK | |||
r-devel-macos-arm64 | 1.4.4 | 72.00 | OK | |||
r-devel-macos-x86_64 | 1.4.4 | 138.00 | OK | |||
r-devel-windows-x86_64 | 1.4.4 | 14.00 | 157.00 | 171.00 | OK | |
r-patched-linux-x86_64 | 1.4.4 | 12.13 | 145.01 | 157.14 | OK | |
r-release-linux-x86_64 | 1.4.4 | 10.01 | 145.08 | 155.09 | OK | |
r-release-macos-arm64 | 1.4.4 | 79.00 | OK | |||
r-release-macos-x86_64 | 1.4.4 | 226.00 | OK | |||
r-release-windows-x86_64 | 1.4.4 | 13.00 | 161.00 | 174.00 | OK | |
r-oldrel-macos-arm64 | 1.4.4 | 87.00 | OK | |||
r-oldrel-macos-x86_64 | 1.4.4 | 173.00 | OK | |||
r-oldrel-windows-x86_64 | 1.4.4 | 17.00 | 213.00 | 230.00 | OK |
Version: 1.4.4
Check: for unstated dependencies in ‘demo’
Result: NOTE
'::' or ':::' import not declared from: ‘NPRED’
'library' or 'require' call not declared from: ‘NPRED’
Flavors: r-devel-linux-x86_64-debian-clang, r-devel-linux-x86_64-debian-gcc