Last updated on 2025-02-16 09:50:55 CET.
Flavor | Version | Tinstall | Tcheck | Ttotal | Status | Flags |
---|---|---|---|---|---|---|
r-devel-linux-x86_64-debian-clang | 0.6.2 | 1.83 | 18.08 | 19.91 | NOTE | |
r-devel-linux-x86_64-debian-gcc | 0.6.2 | 1.39 | 14.11 | 15.50 | NOTE | |
r-devel-linux-x86_64-fedora-clang | 0.6.2 | 33.91 | NOTE | |||
r-devel-linux-x86_64-fedora-gcc | 0.6.2 | 31.27 | NOTE | |||
r-devel-macos-arm64 | 0.6.2 | 15.00 | NOTE | |||
r-devel-macos-x86_64 | 0.6.2 | 26.00 | NOTE | |||
r-devel-windows-x86_64 | 0.6.2 | 4.00 | 37.00 | 41.00 | NOTE | |
r-patched-linux-x86_64 | 0.6.2 | 1.88 | 17.03 | 18.91 | NOTE | |
r-release-linux-x86_64 | 0.6.2 | 1.74 | 17.19 | 18.93 | NOTE | |
r-release-macos-arm64 | 0.6.2 | 17.00 | NOTE | |||
r-release-macos-x86_64 | 0.6.2 | 19.00 | NOTE | |||
r-release-windows-x86_64 | 0.6.2 | 2.00 | 37.00 | 39.00 | NOTE | |
r-oldrel-macos-arm64 | 0.6.2 | 15.00 | OK | |||
r-oldrel-macos-x86_64 | 0.6.2 | 26.00 | OK | |||
r-oldrel-windows-x86_64 | 0.6.2 | 5.00 | 37.00 | 42.00 | OK |
Version: 0.6.2
Check: Rd files
Result: NOTE
checkRd: (-1) decomposition.Rd:27: Lost braces in \itemize; \value handles \item{}{} directly
checkRd: (-1) decomposition.Rd:28: Lost braces in \itemize; \value handles \item{}{} directly
checkRd: (-1) decomposition.Rd:29: Lost braces in \itemize; \value handles \item{}{} directly
checkRd: (-1) estimation.Rd:27: Lost braces in \itemize; \value handles \item{}{} directly
checkRd: (-1) estimation.Rd:28: Lost braces in \itemize; \value handles \item{}{} directly
checkRd: (-1) estimation.Rd:29: Lost braces in \itemize; \value handles \item{}{} directly
checkRd: (-1) moving.decomposition.Rd:27-28: Lost braces in \itemize; \value handles \item{}{} directly
checkRd: (-1) moving.decomposition.Rd:28: Lost braces
28 | \item{W2}{nxn matrix of weights. Season is estimated as W2 \%}\% y, if y is the data vector}
| ^
checkRd: (-1) moving.decomposition.Rd:28: Lost braces
28 | \item{W2}{nxn matrix of weights. Season is estimated as W2 \%}\% y, if y is the data vector}
| ^
checkRd: (-1) moving.estimation.Rd:29: Lost braces in \itemize; \value handles \item{}{} directly
checkRd: (-1) moving.estimation.Rd:30: Lost braces in \itemize; \value handles \item{}{} directly
checkRd: (-1) moving.estimation.Rd:31: Lost braces in \itemize; \value handles \item{}{} directly
Flavors: r-devel-linux-x86_64-debian-clang, r-devel-linux-x86_64-debian-gcc, r-devel-linux-x86_64-fedora-clang, r-devel-linux-x86_64-fedora-gcc, r-devel-macos-arm64, r-devel-macos-x86_64, r-devel-windows-x86_64, r-patched-linux-x86_64, r-release-linux-x86_64, r-release-macos-arm64, r-release-macos-x86_64, r-release-windows-x86_64