Last updated on 2025-02-20 09:51:06 CET.
Flavor | Version | Tinstall | Tcheck | Ttotal | Status | Flags |
---|---|---|---|---|---|---|
r-devel-linux-x86_64-debian-clang | 0.1.0 | 5.00 | 73.89 | 78.89 | OK | |
r-devel-linux-x86_64-debian-gcc | 0.1.0 | 3.98 | 54.73 | 58.71 | OK | |
r-devel-linux-x86_64-fedora-clang | 0.1.0 | 125.29 | OK | |||
r-devel-linux-x86_64-fedora-gcc | 0.1.0 | 121.20 | OK | |||
r-devel-macos-arm64 | 0.1.0 | 43.00 | OK | |||
r-devel-macos-x86_64 | 0.1.0 | 71.00 | OK | |||
r-devel-windows-x86_64 | 0.1.0 | 10.00 | 85.00 | 95.00 | OK | |
r-patched-linux-x86_64 | 0.1.0 | 5.48 | 69.54 | 75.02 | OK | |
r-release-linux-x86_64 | 0.1.0 | 5.62 | 68.05 | 73.67 | OK | |
r-release-macos-arm64 | 0.1.0 | 33.00 | OK | |||
r-release-macos-x86_64 | 0.1.0 | 62.00 | OK | |||
r-release-windows-x86_64 | 0.1.0 | 11.00 | 3.00 | 14.00 | FAIL | |
r-oldrel-macos-arm64 | 0.1.0 | 61.00 | OK | |||
r-oldrel-macos-x86_64 | 0.1.0 | 84.00 | OK | |||
r-oldrel-windows-x86_64 | 0.1.0 | 13.00 | 98.00 | 111.00 | OK |
Version: 0.1.0
Check: package dependencies
Result: FAIL
Flavor: r-release-windows-x86_64