Last updated on 2025-02-16 09:50:55 CET.
Flavor | Version | Tinstall | Tcheck | Ttotal | Status | Flags |
---|---|---|---|---|---|---|
r-devel-linux-x86_64-debian-clang | 1.2.5 | 5.24 | 56.97 | 62.21 | NOTE | |
r-devel-linux-x86_64-debian-gcc | 1.2.5 | 4.72 | 43.06 | 47.78 | NOTE | |
r-devel-linux-x86_64-fedora-clang | 1.2.5 | 104.73 | OK | |||
r-devel-linux-x86_64-fedora-gcc | 1.2.5 | 95.18 | OK | |||
r-devel-macos-arm64 | 1.2.5 | 33.00 | OK | |||
r-devel-macos-x86_64 | 1.2.5 | 66.00 | OK | |||
r-devel-windows-x86_64 | 1.2.5 | 7.00 | 70.00 | 77.00 | NOTE | |
r-patched-linux-x86_64 | 1.2.5 | 5.02 | 55.38 | 60.40 | OK | |
r-release-linux-x86_64 | 1.2.5 | 5.94 | 54.88 | 60.82 | OK | |
r-release-macos-arm64 | 1.2.5 | 30.00 | OK | |||
r-release-macos-x86_64 | 1.2.5 | 46.00 | OK | |||
r-release-windows-x86_64 | 1.2.5 | 6.00 | 75.00 | 81.00 | OK | |
r-oldrel-macos-arm64 | 1.2.5 | 33.00 | OK | |||
r-oldrel-macos-x86_64 | 1.2.5 | 55.00 | OK | |||
r-oldrel-windows-x86_64 | 1.2.5 | 10.00 | 101.00 | 111.00 | OK |
Version: 1.2.5
Check: Rd cross-references
Result: NOTE
Found the following Rd file(s) with Rd \link{} targets missing package
anchors:
Ts.estim.Rd: coxph
Please provide package anchors for all Rd \link{} targets not in the
package itself and the base packages.
Flavors: r-devel-linux-x86_64-debian-clang, r-devel-linux-x86_64-debian-gcc, r-devel-windows-x86_64