Last updated on 2025-02-19 09:51:06 CET.
Flavor | Version | Tinstall | Tcheck | Ttotal | Status | Flags |
---|---|---|---|---|---|---|
r-devel-linux-x86_64-debian-clang | 2.5.3 | 4.19 | 37.03 | 41.22 | OK | |
r-devel-linux-x86_64-debian-gcc | 2.5.3 | 3.08 | 26.43 | 29.51 | OK | |
r-devel-linux-x86_64-fedora-clang | 2.5.3 | 65.83 | OK | |||
r-devel-linux-x86_64-fedora-gcc | 2.5.3 | 60.09 | OK | |||
r-devel-macos-arm64 | 2.5.3 | 20.00 | OK | |||
r-devel-macos-x86_64 | 2.5.3 | 39.00 | OK | |||
r-devel-windows-x86_64 | 2.5.3 | 8.00 | 62.00 | 70.00 | OK | |
r-patched-linux-x86_64 | 2.5.3 | 4.64 | 34.31 | 38.95 | OK | |
r-release-linux-x86_64 | 2.5.3 | 3.68 | 34.47 | 38.15 | OK | |
r-release-macos-arm64 | 2.5.3 | 21.00 | OK | |||
r-release-macos-x86_64 | 2.5.3 | 30.00 | OK | |||
r-release-windows-x86_64 | 2.5.3 | 8.00 | 3.00 | 11.00 | FAIL | |
r-oldrel-macos-arm64 | 2.5.3 | 24.00 | OK | |||
r-oldrel-macos-x86_64 | 2.5.3 | 52.00 | OK | |||
r-oldrel-windows-x86_64 | 2.5.3 | 7.00 | 66.00 | 73.00 | OK |
Version: 2.5.3
Check: package dependencies
Result: FAIL
Flavor: r-release-windows-x86_64