Last updated on 2025-10-28 08:50:24 CET.
| Flavor | Version | Tinstall | Tcheck | Ttotal | Status | Flags | 
|---|---|---|---|---|---|---|
| r-devel-linux-x86_64-debian-clang | 1.0.3 | 162.07 | 193.53 | 355.60 | OK | |
| r-devel-linux-x86_64-debian-gcc | 1.0.3 | 143.04 | 148.40 | 291.44 | OK | |
| r-devel-linux-x86_64-fedora-clang | 1.0.3 | 318.00 | 223.61 | 541.61 | OK | |
| r-devel-linux-x86_64-fedora-gcc | 1.0.3 | 451.00 | 204.35 | 655.35 | OK | |
| r-devel-windows-x86_64 | 1.0.3 | 174.00 | 211.00 | 385.00 | OK | |
| r-patched-linux-x86_64 | 1.0.3 | 190.26 | 198.35 | 388.61 | OK | |
| r-release-linux-x86_64 | 1.0.3 | 186.35 | 198.23 | 384.58 | OK | |
| r-release-macos-arm64 | 1.0.3 | 69.00 | 76.00 | 145.00 | OK | |
| r-release-macos-x86_64 | 1.0.3 | 162.00 | 166.00 | 328.00 | OK | |
| r-release-windows-x86_64 | 1.0.3 | 184.00 | 216.00 | 400.00 | OK | |
| r-oldrel-macos-arm64 | 1.0.3 | 72.00 | 80.00 | 152.00 | NOTE | |
| r-oldrel-macos-x86_64 | 1.0.3 | 145.00 | 164.00 | 309.00 | NOTE | |
| r-oldrel-windows-x86_64 | 1.0.3 | 202.00 | 282.00 | 484.00 | NOTE | 
Version: 1.0.3
Check: installed package size
Result: NOTE
    installed size is 52.9Mb
    sub-directories of 1Mb or more:
      libs  52.4Mb
Flavors: r-oldrel-macos-arm64, r-oldrel-macos-x86_64
Version: 1.0.3
Check: for GNU extensions in Makefiles
Result: NOTE
  GNU make is a SystemRequirements.
Flavors: r-oldrel-macos-arm64, r-oldrel-macos-x86_64, r-oldrel-windows-x86_64