Last updated on 2025-02-19 09:51:06 CET.
Flavor | Version | Tinstall | Tcheck | Ttotal | Status | Flags |
---|---|---|---|---|---|---|
r-devel-linux-x86_64-debian-clang | 0.0.2 | 3.21 | 30.35 | 33.56 | OK | |
r-devel-linux-x86_64-debian-gcc | 0.0.2 | 2.74 | 22.59 | 25.33 | OK | |
r-devel-linux-x86_64-fedora-clang | 0.0.2 | 53.66 | OK | |||
r-devel-linux-x86_64-fedora-gcc | 0.0.2 | 50.24 | OK | |||
r-devel-macos-arm64 | 0.0.2 | 23.00 | OK | |||
r-devel-macos-x86_64 | 0.0.2 | 40.00 | OK | |||
r-devel-windows-x86_64 | 0.0.2 | 6.00 | 52.00 | 58.00 | OK | |
r-patched-linux-x86_64 | 0.0.2 | 3.71 | 28.63 | 32.34 | OK | |
r-release-linux-x86_64 | 0.0.2 | 2.74 | 28.40 | 31.14 | OK | |
r-release-macos-arm64 | 0.0.2 | 20.00 | OK | |||
r-release-macos-x86_64 | 0.0.2 | 28.00 | OK | |||
r-release-windows-x86_64 | 0.0.2 | 5.00 | 3.00 | 8.00 | FAIL | |
r-oldrel-macos-arm64 | 0.0.2 | 20.00 | OK | |||
r-oldrel-macos-x86_64 | 0.0.2 | 29.00 | OK | |||
r-oldrel-windows-x86_64 | 0.0.2 | 6.00 | 58.00 | 64.00 | OK |
Version: 0.0.2
Check: package dependencies
Result: FAIL
Flavor: r-release-windows-x86_64