Last updated on 2025-02-19 09:51:06 CET.
Flavor | Version | Tinstall | Tcheck | Ttotal | Status | Flags |
---|---|---|---|---|---|---|
r-devel-linux-x86_64-debian-clang | 1.0.2 | 3.37 | 42.05 | 45.42 | OK | |
r-devel-linux-x86_64-debian-gcc | 1.0.2 | 2.45 | 31.26 | 33.71 | OK | |
r-devel-linux-x86_64-fedora-clang | 1.0.2 | 72.36 | OK | |||
r-devel-linux-x86_64-fedora-gcc | 1.0.2 | 68.00 | OK | |||
r-devel-macos-arm64 | 1.0.2 | 29.00 | OK | |||
r-devel-macos-x86_64 | 1.0.2 | 58.00 | OK | |||
r-devel-windows-x86_64 | 1.0.2 | 5.00 | 76.00 | 81.00 | OK | |
r-patched-linux-x86_64 | 1.0.2 | 3.98 | 40.46 | 44.44 | OK | |
r-release-linux-x86_64 | 1.0.2 | 3.29 | 40.04 | 43.33 | OK | |
r-release-macos-arm64 | 1.0.2 | 29.00 | OK | |||
r-release-macos-x86_64 | 1.0.2 | 41.00 | OK | |||
r-release-windows-x86_64 | 1.0.2 | 5.00 | 3.00 | 8.00 | FAIL | |
r-oldrel-macos-arm64 | 1.0.2 | 35.00 | OK | |||
r-oldrel-macos-x86_64 | 1.0.2 | 58.00 | OK | |||
r-oldrel-windows-x86_64 | 1.0.2 | 6.00 | 89.00 | 95.00 | OK |
Version: 1.0.2
Check: package dependencies
Result: FAIL
Flavor: r-release-windows-x86_64