Last updated on 2025-10-27 08:50:10 CET.
| Flavor | Version | Tinstall | Tcheck | Ttotal | Status | Flags | 
|---|---|---|---|---|---|---|
| r-devel-linux-x86_64-debian-clang | 1.1.3 | 12.13 | 111.66 | 123.79 | NOTE | |
| r-devel-linux-x86_64-debian-gcc | 1.1.3 | 9.17 | 82.93 | 92.10 | NOTE | |
| r-devel-linux-x86_64-fedora-clang | 1.1.3 | 32.00 | 163.32 | 195.32 | OK | |
| r-devel-linux-x86_64-fedora-gcc | 1.1.3 | 31.00 | 147.56 | 178.56 | OK | |
| r-devel-windows-x86_64 | 1.1.3 | 16.00 | 111.00 | 127.00 | OK | |
| r-patched-linux-x86_64 | 1.1.3 | 13.69 | 105.84 | 119.53 | OK | |
| r-release-linux-x86_64 | 1.1.3 | 12.37 | 104.07 | 116.44 | OK | |
| r-release-macos-arm64 | 1.1.3 | 6.00 | 43.00 | 49.00 | OK | |
| r-release-macos-x86_64 | 1.1.3 | 12.00 | 78.00 | 90.00 | OK | |
| r-release-windows-x86_64 | 1.1.3 | 15.00 | 113.00 | 128.00 | OK | |
| r-oldrel-macos-arm64 | 1.1.3 | 8.00 | 47.00 | 55.00 | OK | |
| r-oldrel-macos-x86_64 | 1.1.3 | 9.00 | 61.00 | 70.00 | OK | |
| r-oldrel-windows-x86_64 | 1.1.3 | 21.00 | 147.00 | 168.00 | OK | 
Version: 1.1.3
Check: CRAN incoming feasibility
Result: NOTE
  Maintainer: ‘Ashkan Ertefaie <ashkan_ertefaie@urmc.rochester.edu>’
  
  No Authors@R field in DESCRIPTION.
  Please add one, modifying
    Authors@R: c(person(given = "Xinyao",
                        family = "Ji",
                        role = "aut"),
                 person(given = "Ashkan",
                        family = "Ertefaie",
                        role = c("aut", "cre"),
                        email = "ashkan_ertefaie@urmc.rochester.edu"))
  as necessary.
Flavors: r-devel-linux-x86_64-debian-clang, r-devel-linux-x86_64-debian-gcc