Last updated on 2025-02-16 09:50:55 CET.
Flavor | Version | Tinstall | Tcheck | Ttotal | Status | Flags |
---|---|---|---|---|---|---|
r-devel-linux-x86_64-debian-clang | 1.0.0 | 11.32 | 69.63 | 80.95 | OK | |
r-devel-linux-x86_64-debian-gcc | 1.0.0 | 7.93 | 52.42 | 60.35 | OK | |
r-devel-linux-x86_64-fedora-clang | 1.0.0 | 136.23 | NOTE | |||
r-devel-linux-x86_64-fedora-gcc | 1.0.0 | 134.87 | NOTE | |||
r-devel-macos-arm64 | 1.0.0 | 49.00 | OK | |||
r-devel-macos-x86_64 | 1.0.0 | 87.00 | OK | |||
r-devel-windows-x86_64 | 1.0.0 | 12.00 | 82.00 | 94.00 | OK | |
r-patched-linux-x86_64 | 1.0.0 | 9.82 | 66.21 | 76.03 | OK | |
r-release-linux-x86_64 | 1.0.0 | 9.37 | 67.49 | 76.86 | OK | |
r-release-macos-arm64 | 1.0.0 | 46.00 | NOTE | |||
r-release-macos-x86_64 | 1.0.0 | 70.00 | NOTE | |||
r-release-windows-x86_64 | 1.0.0 | 12.00 | 80.00 | 92.00 | OK | |
r-oldrel-macos-arm64 | 1.0.0 | 48.00 | OK | |||
r-oldrel-macos-x86_64 | 1.0.0 | 74.00 | NOTE | |||
r-oldrel-windows-x86_64 | 1.0.0 | 14.00 | 90.00 | 104.00 | OK |
Version: 1.0.0
Check: dependencies in R code
Result: NOTE
Namespaces in Imports field not imported from:
‘MASS’ ‘Matrix’
All declared Imports should be used.
Flavors: r-devel-linux-x86_64-fedora-clang, r-devel-linux-x86_64-fedora-gcc
Version: 1.0.0
Check: installed package size
Result: NOTE
installed size is 5.1Mb
sub-directories of 1Mb or more:
data 5.0Mb
Flavors: r-release-macos-arm64, r-release-macos-x86_64, r-oldrel-macos-x86_64