Last updated on 2025-02-19 09:51:05 CET.
Flavor | Version | Tinstall | Tcheck | Ttotal | Status | Flags |
---|---|---|---|---|---|---|
r-devel-linux-x86_64-debian-clang | 0.1.2 | 6.01 | 104.22 | 110.23 | OK | |
r-devel-linux-x86_64-debian-gcc | 0.1.2 | 4.35 | 68.19 | 72.54 | OK | |
r-devel-linux-x86_64-fedora-clang | 0.1.2 | 169.41 | NOTE | |||
r-devel-linux-x86_64-fedora-gcc | 0.1.2 | 171.16 | NOTE | |||
r-devel-macos-arm64 | 0.1.2 | 51.00 | OK | |||
r-devel-macos-x86_64 | 0.1.2 | 116.00 | OK | |||
r-devel-windows-x86_64 | 0.1.2 | 8.00 | 111.00 | 119.00 | OK | |
r-patched-linux-x86_64 | 0.1.2 | 5.06 | 95.39 | 100.45 | OK | |
r-release-linux-x86_64 | 0.1.2 | 5.56 | 95.53 | 101.09 | OK | |
r-release-macos-arm64 | 0.1.2 | 52.00 | OK | |||
r-release-macos-x86_64 | 0.1.2 | 84.00 | OK | |||
r-release-windows-x86_64 | 0.1.2 | 7.00 | 158.00 | 165.00 | OK | |
r-oldrel-macos-arm64 | 0.1.2 | 53.00 | OK | |||
r-oldrel-macos-x86_64 | 0.1.2 | 112.00 | OK | |||
r-oldrel-windows-x86_64 | 0.1.2 | 9.00 | 133.00 | 142.00 | OK |
Version: 0.1.2
Check: dependencies in R code
Result: NOTE
Namespaces in Imports field not imported from:
‘MASS’ ‘base’ ‘graphics’ ‘janitor’ ‘rlang’ ‘testthat’ ‘utils’
All declared Imports should be used.
Flavors: r-devel-linux-x86_64-fedora-clang, r-devel-linux-x86_64-fedora-gcc