CRAN Package Check Results for Package ThermIndex

Last updated on 2025-02-19 09:51:05 CET.

Flavor Version Tinstall Tcheck Ttotal Status Flags
r-devel-linux-x86_64-debian-clang 0.2.0 1.68 17.09 18.77 OK
r-devel-linux-x86_64-debian-gcc 0.2.0 1.38 14.26 15.64 OK
r-devel-linux-x86_64-fedora-clang 0.2.0 29.76 OK
r-devel-linux-x86_64-fedora-gcc 0.2.0 28.33 OK
r-devel-macos-arm64 0.2.0 14.00 OK
r-devel-macos-x86_64 0.2.0 29.00 OK
r-devel-windows-x86_64 0.2.0 3.00 43.00 46.00 OK
r-patched-linux-x86_64 0.2.0 1.72 16.46 18.18 NOTE
r-release-linux-x86_64 0.2.0 1.48 16.82 18.30 NOTE
r-release-macos-arm64 0.2.0 14.00 NOTE
r-release-macos-x86_64 0.2.0 20.00 NOTE
r-release-windows-x86_64 0.2.0 2.00 41.00 43.00 NOTE
r-oldrel-macos-arm64 0.2.0 15.00 NOTE
r-oldrel-macos-x86_64 0.2.0 20.00 NOTE
r-oldrel-windows-x86_64 0.2.0 4.00 39.00 43.00 NOTE

Check Details

Version: 0.2.0
Check: LazyData
Result: NOTE 'LazyData' is specified without a 'data' directory Flavors: r-patched-linux-x86_64, r-release-linux-x86_64, r-release-macos-arm64, r-release-macos-x86_64, r-release-windows-x86_64, r-oldrel-macos-arm64, r-oldrel-macos-x86_64, r-oldrel-windows-x86_64