Last updated on 2025-02-19 09:51:05 CET.
Flavor | Version | Tinstall | Tcheck | Ttotal | Status | Flags |
---|---|---|---|---|---|---|
r-devel-linux-x86_64-debian-clang | 2.13 | 12.77 | 82.77 | 95.54 | OK | |
r-devel-linux-x86_64-debian-gcc | 2.13 | 8.28 | 52.82 | 61.10 | OK | |
r-devel-linux-x86_64-fedora-clang | 2.13 | 146.51 | OK | |||
r-devel-linux-x86_64-fedora-gcc | 2.13 | 139.86 | OK | |||
r-devel-macos-arm64 | 2.13 | 38.00 | OK | |||
r-devel-macos-x86_64 | 2.13 | 132.00 | OK | |||
r-devel-windows-x86_64 | 2.13 | 12.00 | 116.00 | 128.00 | OK | |
r-patched-linux-x86_64 | 2.13 | 14.34 | 75.12 | 89.46 | NOTE | |
r-release-linux-x86_64 | 2.13 | 12.15 | 75.10 | 87.25 | NOTE | |
r-release-macos-arm64 | 2.13 | 40.00 | NOTE | |||
r-release-macos-x86_64 | 2.13 | 106.00 | NOTE | |||
r-release-windows-x86_64 | 2.13 | 12.00 | 3.00 | 15.00 | FAIL | |
r-oldrel-macos-arm64 | 2.13 | 45.00 | NOTE | |||
r-oldrel-macos-x86_64 | 2.13 | 136.00 | NOTE | |||
r-oldrel-windows-x86_64 | 2.13 | 17.00 | 134.00 | 151.00 | OK |
Version: 2.13
Check: package dependencies
Result: NOTE
Package which this enhances but not available for checking: ‘R2wd’
Flavors: r-patched-linux-x86_64, r-release-linux-x86_64, r-release-macos-arm64, r-release-macos-x86_64, r-oldrel-macos-arm64, r-oldrel-macos-x86_64
Version: 2.13
Check: package dependencies
Result: FAIL
Flavor: r-release-windows-x86_64