Last updated on 2025-02-19 09:51:05 CET.
Flavor | Version | Tinstall | Tcheck | Ttotal | Status | Flags |
---|---|---|---|---|---|---|
r-devel-linux-x86_64-debian-clang | 0.8.1 | 6.72 | 71.52 | 78.24 | OK | |
r-devel-linux-x86_64-debian-gcc | 0.8.1 | 4.39 | 49.14 | 53.53 | OK | |
r-devel-linux-x86_64-fedora-clang | 0.8.1 | 114.42 | OK | |||
r-devel-linux-x86_64-fedora-gcc | 0.8.1 | 104.71 | OK | |||
r-devel-macos-arm64 | 0.8.1 | 33.00 | OK | |||
r-devel-macos-x86_64 | 0.8.1 | 64.00 | OK | |||
r-devel-windows-x86_64 | 0.8.1 | 9.00 | 88.00 | 97.00 | OK | |
r-patched-linux-x86_64 | 0.8.1 | 8.20 | 62.16 | 70.36 | OK | |
r-release-linux-x86_64 | 0.8.1 | 7.63 | 62.11 | 69.74 | OK | |
r-release-macos-arm64 | 0.8.1 | 34.00 | OK | |||
r-release-macos-x86_64 | 0.8.1 | 52.00 | OK | |||
r-release-windows-x86_64 | 0.8.1 | 8.00 | 3.00 | 11.00 | FAIL | |
r-oldrel-macos-arm64 | 0.8.1 | 52.00 | OK | |||
r-oldrel-macos-x86_64 | 0.8.1 | 104.00 | OK | |||
r-oldrel-windows-x86_64 | 0.8.1 | 11.00 | 104.00 | 115.00 | OK |
Version: 0.8.1
Check: package dependencies
Result: FAIL
Flavor: r-release-windows-x86_64