Last updated on 2025-02-16 09:50:54 CET.
Flavor | Version | Tinstall | Tcheck | Ttotal | Status | Flags |
---|---|---|---|---|---|---|
r-devel-linux-x86_64-debian-clang | 2.4 | 30.09 | 227.58 | 257.67 | OK | |
r-devel-linux-x86_64-debian-gcc | 2.4 | 20.64 | 157.35 | 177.99 | OK | |
r-devel-linux-x86_64-fedora-clang | 2.4 | 426.79 | OK | |||
r-devel-linux-x86_64-fedora-gcc | 2.4 | 383.98 | OK | |||
r-devel-macos-arm64 | 2.4 | 5.00 | ERROR | |||
r-devel-macos-x86_64 | 2.4 | 6.00 | ERROR | |||
r-devel-windows-x86_64 | 2.4 | 27.00 | 312.00 | 339.00 | OK | |
r-patched-linux-x86_64 | 2.4 | 24.42 | 211.65 | 236.07 | OK | |
r-release-linux-x86_64 | 2.4 | 25.40 | 212.32 | 237.72 | OK | |
r-release-macos-arm64 | 2.4 | 105.00 | OK | |||
r-release-macos-x86_64 | 2.4 | 163.00 | OK | |||
r-release-windows-x86_64 | 2.4 | 26.00 | 282.00 | 308.00 | OK | |
r-oldrel-macos-arm64 | 2.4 | 16.00 | ERROR | |||
r-oldrel-macos-x86_64 | 2.4 | 10.00 | ERROR | |||
r-oldrel-windows-x86_64 | 2.4 | 34.00 | 269.00 | 303.00 | OK |
Version: 2.4
Check: package dependencies
Result: ERROR
Package required but not available: ‘microbiome’
See section ‘The DESCRIPTION file’ in the ‘Writing R Extensions’
manual.
Flavors: r-devel-macos-arm64, r-devel-macos-x86_64, r-oldrel-macos-arm64, r-oldrel-macos-x86_64