Last updated on 2025-02-19 09:51:05 CET.
Flavor | Version | Tinstall | Tcheck | Ttotal | Status | Flags |
---|---|---|---|---|---|---|
r-devel-linux-x86_64-debian-clang | 1.1.7 | 68.57 | 129.45 | 198.02 | OK | |
r-devel-linux-x86_64-debian-gcc | 1.1.7 | 48.22 | 138.41 | 186.63 | OK | |
r-devel-linux-x86_64-fedora-clang | 1.1.7 | 380.92 | OK | |||
r-devel-linux-x86_64-fedora-gcc | 1.1.7 | 338.13 | OK | |||
r-devel-macos-arm64 | 1.1.7 | 68.00 | OK | |||
r-devel-macos-x86_64 | 1.1.7 | 150.00 | OK | |||
r-devel-windows-x86_64 | 1.1.7 | 77.00 | 218.00 | 295.00 | OK | |
r-patched-linux-x86_64 | 1.1.7 | 69.83 | 128.88 | 198.71 | OK | |
r-release-linux-x86_64 | 1.1.7 | 69.11 | 127.56 | 196.67 | OK | |
r-release-macos-arm64 | 1.1.7 | 63.00 | OK | |||
r-release-macos-x86_64 | 1.1.7 | 176.00 | OK | |||
r-release-windows-x86_64 | 1.1.7 | 78.00 | 3.00 | 81.00 | FAIL | |
r-oldrel-macos-arm64 | 1.1.7 | 62.00 | OK | |||
r-oldrel-macos-x86_64 | 1.1.7 | 175.00 | OK | |||
r-oldrel-windows-x86_64 | 1.1.7 | 96.00 | 206.00 | 302.00 | OK |
Version: 1.1.7
Check: package dependencies
Result: FAIL
Flavor: r-release-windows-x86_64