Last updated on 2025-02-20 09:51:06 CET.
Flavor | Version | Tinstall | Tcheck | Ttotal | Status | Flags |
---|---|---|---|---|---|---|
r-devel-linux-x86_64-debian-clang | 1.0.2 | 13.40 | 80.86 | 94.26 | OK | |
r-devel-linux-x86_64-debian-gcc | 1.0.2 | 8.92 | 54.91 | 63.83 | OK | |
r-devel-linux-x86_64-fedora-clang | 1.0.2 | 149.09 | OK | |||
r-devel-linux-x86_64-fedora-gcc | 1.0.2 | 132.11 | OK | |||
r-devel-macos-arm64 | 1.0.2 | 42.00 | OK | |||
r-devel-macos-x86_64 | 1.0.2 | 76.00 | OK | |||
r-devel-windows-x86_64 | 1.0.2 | 15.00 | 90.00 | 105.00 | OK | |
r-patched-linux-x86_64 | 1.0.2 | 12.56 | 71.43 | 83.99 | OK | |
r-release-linux-x86_64 | 1.0.2 | 12.04 | 72.29 | 84.33 | OK | |
r-release-macos-arm64 | 1.0.2 | 42.00 | OK | |||
r-release-macos-x86_64 | 1.0.2 | 59.00 | OK | |||
r-release-windows-x86_64 | 1.0.2 | 16.00 | 3.00 | 19.00 | FAIL | |
r-oldrel-macos-arm64 | 1.0.2 | 43.00 | OK | |||
r-oldrel-macos-x86_64 | 1.0.2 | 72.00 | OK | |||
r-oldrel-windows-x86_64 | 1.0.2 | 20.00 | 228.00 | 248.00 | OK |
Version: 1.0.2
Check: package dependencies
Result: FAIL
Flavor: r-release-windows-x86_64