Last updated on 2025-02-19 09:51:06 CET.
Flavor | Version | Tinstall | Tcheck | Ttotal | Status | Flags |
---|---|---|---|---|---|---|
r-devel-linux-x86_64-debian-clang | 5.1 | 6.84 | 74.50 | 81.34 | NOTE | |
r-devel-linux-x86_64-debian-gcc | 5.1 | 5.04 | 49.83 | 54.87 | NOTE | |
r-devel-linux-x86_64-fedora-clang | 5.1 | 137.93 | NOTE | |||
r-devel-linux-x86_64-fedora-gcc | 5.1 | 124.79 | NOTE | |||
r-devel-macos-arm64 | 5.1 | 41.00 | OK | |||
r-devel-macos-x86_64 | 5.1 | 68.00 | OK | |||
r-devel-windows-x86_64 | 5.1 | 10.00 | 250.00 | 260.00 | NOTE | |
r-patched-linux-x86_64 | 5.1 | 15.83 | 69.48 | 85.31 | OK | |
r-release-linux-x86_64 | 5.1 | 7.24 | 69.67 | 76.91 | OK | |
r-release-macos-arm64 | 5.1 | 38.00 | OK | |||
r-release-macos-x86_64 | 5.1 | 53.00 | OK | |||
r-release-windows-x86_64 | 5.1 | 12.00 | 210.00 | 222.00 | OK | |
r-oldrel-macos-arm64 | 5.1 | 42.00 | OK | |||
r-oldrel-macos-x86_64 | 5.1 | 57.00 | OK | |||
r-oldrel-windows-x86_64 | 5.1 | 14.00 | 149.00 | 163.00 | OK |
Version: 5.1
Check: Rd cross-references
Result: NOTE
Found the following Rd file(s) with Rd \link{} targets missing package
anchors:
arimapar-deprecated.Rd: auto.arima
arimapred.Rd: auto.arima
fittestArima.Rd: auto.arima, forecast
fittestArimaKF.Rd: predict.SSModel, SSMarima, KFAS, auto.arima,
SSModel, AICc
fittestEMD.Rd: AICc
fittestLM.Rd: AICc
fittestMAS.Rd: ets, stlf, AICc
fittestPolyR.Rd: dredge, AICc
fittestPolyRKF.Rd: SSModel, KFAS, fitSSM, AICc
fittestWavelet.Rd: ets, AICc
Please provide package anchors for all Rd \link{} targets not in the
package itself and the base packages.
Flavors: r-devel-linux-x86_64-debian-clang, r-devel-linux-x86_64-debian-gcc, r-devel-windows-x86_64
Version: 5.1
Check: dependencies in R code
Result: NOTE
Namespaces in Imports field not imported from:
‘EMD’ ‘vars’
All declared Imports should be used.
Flavors: r-devel-linux-x86_64-fedora-clang, r-devel-linux-x86_64-fedora-gcc