Last updated on 2025-02-19 09:51:06 CET.
Flavor | Version | Tinstall | Tcheck | Ttotal | Status | Flags |
---|---|---|---|---|---|---|
r-devel-linux-x86_64-debian-clang | 1.0 | 16.63 | 129.73 | 146.36 | OK | |
r-devel-linux-x86_64-debian-gcc | 1.0 | 11.82 | 92.02 | 103.84 | OK | |
r-devel-linux-x86_64-fedora-clang | 1.0 | 234.48 | OK | |||
r-devel-linux-x86_64-fedora-gcc | 1.0 | 211.10 | OK | |||
r-devel-macos-arm64 | 1.0 | 65.00 | OK | |||
r-devel-macos-x86_64 | 1.0 | 134.00 | OK | |||
r-devel-windows-x86_64 | 1.0 | 16.00 | 279.00 | 295.00 | OK | |
r-patched-linux-x86_64 | 1.0 | 15.18 | 118.67 | 133.85 | OK | |
r-release-linux-x86_64 | 1.0 | 13.95 | 118.72 | 132.67 | OK | |
r-release-macos-arm64 | 1.0 | 73.00 | OK | |||
r-release-macos-x86_64 | 1.0 | 98.00 | OK | |||
r-release-windows-x86_64 | 1.0 | 16.00 | 3.00 | 19.00 | FAIL | |
r-oldrel-macos-arm64 | 1.0 | 65.00 | OK | |||
r-oldrel-macos-x86_64 | 1.0 | 107.00 | OK | |||
r-oldrel-windows-x86_64 | 1.0 | 22.00 | 347.00 | 369.00 | OK |
Version: 1.0
Check: package dependencies
Result: FAIL
Flavor: r-release-windows-x86_64