CRAN Package Check Results for Package TSF

Last updated on 2025-04-16 09:53:14 CEST.

Flavor Version Tinstall Tcheck Ttotal Status Flags
r-devel-linux-x86_64-debian-clang 0.1.1 6.53 61.57 68.10 OK
r-devel-linux-x86_64-debian-gcc 0.1.1 4.63 45.21 49.84 OK
r-devel-linux-x86_64-fedora-clang 0.1.1 106.80 OK
r-devel-linux-x86_64-fedora-gcc 0.1.1 107.46 OK
r-devel-windows-x86_64 0.1.1 8.00 79.00 87.00 OK
r-patched-linux-x86_64 0.1.1 5.83 59.20 65.03 OK
r-release-linux-x86_64 0.1.1 5.63 58.12 63.75 OK
0.1.1 34.00 OK
r-release-macos-x86_64 0.1.1 64.00 OK
r-release-windows-x86_64 0.1.1 7.00 79.00 86.00 OK
r-oldrel-macos-arm64 0.1.1 34.00 NOTE
r-oldrel-macos-x86_64 0.1.1 54.00 NOTE
r-oldrel-windows-x86_64 0.1.1 10.00 92.00 102.00 NOTE

Check Details

Version: 0.1.1
Check: LazyData
Result: NOTE 'LazyData' is specified without a 'data' directory Flavors: r-oldrel-macos-arm64, r-oldrel-macos-x86_64, r-oldrel-windows-x86_64