Last updated on 2025-02-16 09:50:55 CET.
Flavor | Version | Tinstall | Tcheck | Ttotal | Status | Flags |
---|---|---|---|---|---|---|
r-devel-linux-x86_64-debian-clang | 0.2.0 | 2.44 | 29.67 | 32.11 | NOTE | |
r-devel-linux-x86_64-debian-gcc | 0.2.0 | 1.61 | 23.92 | 25.53 | NOTE | |
r-devel-linux-x86_64-fedora-clang | 0.2.0 | 53.80 | OK | |||
r-devel-linux-x86_64-fedora-gcc | 0.2.0 | 60.60 | OK | |||
r-devel-macos-arm64 | 0.2.0 | 26.00 | OK | |||
r-devel-macos-x86_64 | 0.2.0 | 46.00 | OK | |||
r-devel-windows-x86_64 | 0.2.0 | 3.00 | 66.00 | 69.00 | NOTE | |
r-patched-linux-x86_64 | 0.2.0 | 4.29 | 28.19 | 32.48 | OK | |
r-release-linux-x86_64 | 0.2.0 | 2.19 | 28.41 | 30.60 | OK | |
r-release-macos-arm64 | 0.2.0 | 29.00 | OK | |||
r-release-macos-x86_64 | 0.2.0 | 37.00 | OK | |||
r-release-windows-x86_64 | 0.2.0 | 3.00 | 67.00 | 70.00 | OK | |
r-oldrel-macos-arm64 | 0.2.0 | 31.00 | OK | |||
r-oldrel-macos-x86_64 | 0.2.0 | 65.00 | OK | |||
r-oldrel-windows-x86_64 | 0.2.0 | 4.00 | 84.00 | 88.00 | OK |
Version: 0.2.0
Check: Rd cross-references
Result: NOTE
Found the following Rd file(s) with Rd \link{} targets missing package
anchors:
TPACForCancer.Rd: hpa.data
Please provide package anchors for all Rd \link{} targets not in the
package itself and the base packages.
Flavors: r-devel-linux-x86_64-debian-clang, r-devel-linux-x86_64-debian-gcc, r-devel-windows-x86_64