Last updated on 2025-02-16 09:50:54 CET.
Flavor | Version | Tinstall | Tcheck | Ttotal | Status | Flags |
---|---|---|---|---|---|---|
r-devel-linux-x86_64-debian-clang | 1.7 | 7.47 | 65.79 | 73.26 | NOTE | |
r-devel-linux-x86_64-debian-gcc | 1.7 | 5.12 | 50.48 | 55.60 | NOTE | |
r-devel-linux-x86_64-fedora-clang | 1.7 | 121.44 | OK | |||
r-devel-linux-x86_64-fedora-gcc | 1.7 | 120.82 | OK | |||
r-devel-macos-arm64 | 1.7 | 44.00 | OK | |||
r-devel-macos-x86_64 | 1.7 | 84.00 | OK | |||
r-devel-windows-x86_64 | 1.7 | 9.00 | 103.00 | 112.00 | NOTE | |
r-patched-linux-x86_64 | 1.7 | 6.28 | 61.56 | 67.84 | OK | |
r-release-linux-x86_64 | 1.7 | 5.62 | 61.41 | 67.03 | OK | |
r-release-macos-arm64 | 1.7 | 43.00 | OK | |||
r-release-macos-x86_64 | 1.7 | 61.00 | OK | |||
r-release-windows-x86_64 | 1.7 | 8.00 | 104.00 | 112.00 | OK | |
r-oldrel-macos-arm64 | 1.7 | 45.00 | OK | |||
r-oldrel-macos-x86_64 | 1.7 | 123.00 | OK | |||
r-oldrel-windows-x86_64 | 1.7 | 11.00 | 120.00 | 131.00 | OK |
Version: 1.7
Check: Rd cross-references
Result: NOTE
Found the following Rd file(s) with Rd \link{} targets missing package
anchors:
ConvertWeibull.Rd: survreg
NormalMeanDiffCens.Rd: Surv
ParamSampleCens.Rd: Surv
SurvRegCens.Rd: Surv, survreg
WeibullDiag.Rd: Surv, plot.survfit
WeibullReg.Rd: survreg, Surv
censorContVar.Rd: Surv
Please provide package anchors for all Rd \link{} targets not in the
package itself and the base packages.
Flavors: r-devel-linux-x86_64-debian-clang, r-devel-linux-x86_64-debian-gcc, r-devel-windows-x86_64