CRAN Package Check Results for Package SurrogateBMA

Last updated on 2025-04-16 09:53:13 CEST.

Flavor Version Tinstall Tcheck Ttotal Status Flags
r-devel-linux-x86_64-debian-clang 1.0 28.29 64.37 92.66 OK
r-devel-linux-x86_64-debian-gcc 1.0 23.04 51.11 74.15 OK
r-devel-linux-x86_64-fedora-clang 1.0 155.22 OK
r-devel-linux-x86_64-fedora-gcc 1.0 156.56 OK
r-devel-windows-x86_64 1.0 34.00 93.00 127.00 OK
r-patched-linux-x86_64 1.0 31.43 65.75 97.18 OK
r-release-linux-x86_64 1.0 31.95 64.29 96.24 OK
r-release-macos-arm64 1.0 65.00 OK
r-release-macos-x86_64 1.0 100.00 OK
r-release-windows-x86_64 1.0 36.00 94.00 130.00 OK
r-oldrel-macos-arm64 1.0 48.00 NOTE
r-oldrel-macos-x86_64 1.0 83.00 NOTE
r-oldrel-windows-x86_64 1.0 42.00 116.00 158.00 OK

Check Details

Version: 1.0
Check: installed package size
Result: NOTE installed size is 6.7Mb sub-directories of 1Mb or more: libs 6.5Mb Flavors: r-oldrel-macos-arm64, r-oldrel-macos-x86_64