Last updated on 2025-02-16 09:50:54 CET.
Flavor | Version | Tinstall | Tcheck | Ttotal | Status | Flags |
---|---|---|---|---|---|---|
r-devel-linux-x86_64-debian-clang | 1.0 | 8.76 | 65.94 | 74.70 | NOTE | |
r-devel-linux-x86_64-debian-gcc | 1.0 | 6.78 | 48.51 | 55.29 | NOTE | |
r-devel-linux-x86_64-fedora-clang | 1.0 | 120.13 | OK | |||
r-devel-linux-x86_64-fedora-gcc | 1.0 | 128.63 | OK | |||
r-devel-macos-arm64 | 1.0 | 43.00 | OK | |||
r-devel-macos-x86_64 | 1.0 | 84.00 | OK | |||
r-devel-windows-x86_64 | 1.0 | 9.00 | 101.00 | 110.00 | NOTE | |
r-patched-linux-x86_64 | 1.0 | 12.48 | 62.46 | 74.94 | OK | |
r-release-linux-x86_64 | 1.0 | 8.40 | 62.26 | 70.66 | OK | |
r-release-macos-arm64 | 1.0 | 40.00 | OK | |||
r-release-macos-x86_64 | 1.0 | 68.00 | OK | |||
r-release-windows-x86_64 | 1.0 | 10.00 | 99.00 | 109.00 | OK | |
r-oldrel-macos-arm64 | 1.0 | 53.00 | OK | |||
r-oldrel-macos-x86_64 | 1.0 | 67.00 | OK | |||
r-oldrel-windows-x86_64 | 1.0 | 13.00 | 105.00 | 118.00 | OK |
Version: 1.0
Check: Rd cross-references
Result: NOTE
Found the following Rd file(s) with Rd \link{} targets missing package
anchors:
plotAnnGraph.Rd: plot.igraph
plotGraphL.Rd: plot.igraph, layout.random
Please provide package anchors for all Rd \link{} targets not in the
package itself and the base packages.
Flavors: r-devel-linux-x86_64-debian-clang, r-devel-linux-x86_64-debian-gcc, r-devel-windows-x86_64