Last updated on 2025-02-19 09:51:04 CET.
Flavor | Version | Tinstall | Tcheck | Ttotal | Status | Flags |
---|---|---|---|---|---|---|
r-devel-linux-x86_64-debian-clang | 0.12 | 10.78 | 86.93 | 97.71 | OK | |
r-devel-linux-x86_64-debian-gcc | 0.12 | 8.38 | 60.24 | 68.62 | OK | |
r-devel-linux-x86_64-fedora-clang | 0.12 | 163.38 | OK | |||
r-devel-linux-x86_64-fedora-gcc | 0.12 | 149.45 | OK | |||
r-devel-macos-arm64 | 0.12 | 45.00 | OK | |||
r-devel-macos-x86_64 | 0.12 | 91.00 | OK | |||
r-devel-windows-x86_64 | 0.12 | 12.00 | 96.00 | 108.00 | OK | |
r-patched-linux-x86_64 | 0.12 | 10.69 | 81.55 | 92.24 | OK | |
r-release-linux-x86_64 | 0.12 | 9.50 | 81.40 | 90.90 | OK | |
r-release-macos-arm64 | 0.12 | 44.00 | OK | |||
r-release-macos-x86_64 | 0.12 | 65.00 | OK | |||
r-release-windows-x86_64 | 0.12 | 12.00 | 3.00 | 15.00 | FAIL | |
r-oldrel-macos-arm64 | 0.12 | 51.00 | OK | |||
r-oldrel-macos-x86_64 | 0.12 | 89.00 | OK | |||
r-oldrel-windows-x86_64 | 0.12 | 18.00 | 121.00 | 139.00 | OK |
Version: 0.12
Check: package dependencies
Result: FAIL
Flavor: r-release-windows-x86_64