Last updated on 2025-02-19 09:51:04 CET.
Flavor | Version | Tinstall | Tcheck | Ttotal | Status | Flags |
---|---|---|---|---|---|---|
r-devel-linux-x86_64-debian-clang | 1.0.2 | 25.57 | 57.38 | 82.95 | OK | |
r-devel-linux-x86_64-debian-gcc | 1.0.2 | 17.22 | 40.42 | 57.64 | OK | |
r-devel-linux-x86_64-fedora-clang | 1.0.2 | 150.78 | OK | |||
r-devel-linux-x86_64-fedora-gcc | 1.0.2 | 151.29 | OK | |||
r-devel-macos-arm64 | 1.0.2 | 44.00 | OK | |||
r-devel-macos-x86_64 | 1.0.2 | 88.00 | OK | |||
r-devel-windows-x86_64 | 1.0.2 | 28.00 | 102.00 | 130.00 | OK | |
r-patched-linux-x86_64 | 1.0.2 | 27.22 | 52.88 | 80.10 | OK | |
r-release-linux-x86_64 | 1.0.2 | 25.42 | 52.76 | 78.18 | OK | |
r-release-macos-arm64 | 1.0.2 | 45.00 | OK | |||
r-release-macos-x86_64 | 1.0.2 | 117.00 | OK | |||
r-release-windows-x86_64 | 1.0.2 | 30.00 | 3.00 | 33.00 | FAIL | |
r-oldrel-macos-arm64 | 1.0.2 | 46.00 | OK | |||
r-oldrel-macos-x86_64 | 1.0.2 | 95.00 | OK | |||
r-oldrel-windows-x86_64 | 1.0.2 | 38.00 | 119.00 | 157.00 | OK |
Version: 1.0.2
Check: package dependencies
Result: FAIL
Flavor: r-release-windows-x86_64