CRAN Package Check Results for Package StratifiedBalancing

Last updated on 2025-02-16 09:50:54 CET.

Flavor Version Tinstall Tcheck Ttotal Status Flags
r-devel-linux-x86_64-debian-clang 0.3.0 3.17 25.29 28.46 OK
r-devel-linux-x86_64-debian-gcc 0.3.0 2.18 19.97 22.15 OK
r-devel-linux-x86_64-fedora-clang 0.3.0 49.82 NOTE
r-devel-linux-x86_64-fedora-gcc 0.3.0 43.65 NOTE
r-devel-macos-arm64 0.3.0 19.00 OK
r-devel-macos-x86_64 0.3.0 29.00 OK
r-devel-windows-x86_64 0.3.0 3.00 47.00 50.00 OK
r-patched-linux-x86_64 0.3.0 2.74 24.11 26.85 OK
r-release-linux-x86_64 0.3.0 3.15 24.23 27.38 OK
r-release-macos-arm64 0.3.0 18.00 OK
r-release-macos-x86_64 0.3.0 30.00 OK
r-release-windows-x86_64 0.3.0 4.00 52.00 56.00 OK
r-oldrel-macos-arm64 0.3.0 21.00 OK
r-oldrel-macos-x86_64 0.3.0 25.00 OK
r-oldrel-windows-x86_64 0.3.0 5.00 50.00 55.00 OK

Check Details

Version: 0.3.0
Check: dependencies in R code
Result: NOTE Namespace in Imports field not imported from: ‘bnlearn’ All declared Imports should be used. Flavors: r-devel-linux-x86_64-fedora-clang, r-devel-linux-x86_64-fedora-gcc