CRAN Package Check Results for Package StratifiedBalancing

Last updated on 2025-04-16 09:53:13 CEST.

Flavor Version Tinstall Tcheck Ttotal Status Flags
r-devel-linux-x86_64-debian-clang 0.3.0 3.48 25.28 28.76 OK
r-devel-linux-x86_64-debian-gcc 0.3.0 2.07 19.46 21.53 OK
r-devel-linux-x86_64-fedora-clang 0.3.0 46.48 NOTE
r-devel-linux-x86_64-fedora-gcc 0.3.0 43.60 NOTE
r-devel-windows-x86_64 0.3.0 5.00 44.00 49.00 OK
r-patched-linux-x86_64 0.3.0 3.31 24.71 28.02 OK
r-release-linux-x86_64 0.3.0 3.41 24.74 28.15 OK
r-release-macos-arm64 0.3.0 20.00 OK
r-release-macos-x86_64 0.3.0 34.00 OK
r-release-windows-x86_64 0.3.0 4.00 44.00 48.00 OK
r-oldrel-macos-arm64 0.3.0 18.00 OK
r-oldrel-macos-x86_64 0.3.0 30.00 OK
r-oldrel-windows-x86_64 0.3.0 5.00 47.00 52.00 OK

Check Details

Version: 0.3.0
Check: dependencies in R code
Result: NOTE Namespace in Imports field not imported from: ‘bnlearn’ All declared Imports should be used. Flavors: r-devel-linux-x86_64-fedora-clang, r-devel-linux-x86_64-fedora-gcc