Last updated on 2025-02-16 09:50:53 CET.
Flavor | Version | Tinstall | Tcheck | Ttotal | Status | Flags |
---|---|---|---|---|---|---|
r-devel-linux-x86_64-debian-clang | 0.1.2 | 27.36 | 61.05 | 88.41 | NOTE | |
r-devel-linux-x86_64-debian-gcc | 0.1.2 | 18.91 | 45.59 | 64.50 | NOTE | |
r-devel-linux-x86_64-fedora-clang | 0.1.2 | 160.54 | NOTE | |||
r-devel-linux-x86_64-fedora-gcc | 0.1.2 | 146.94 | NOTE | |||
r-devel-macos-arm64 | 0.1.2 | 40.00 | NOTE | |||
r-devel-macos-x86_64 | 0.1.2 | 77.00 | NOTE | |||
r-devel-windows-x86_64 | 0.1.2 | 29.00 | 92.00 | 121.00 | NOTE | |
r-patched-linux-x86_64 | 0.1.2 | 29.09 | 57.72 | 86.81 | NOTE | |
r-release-linux-x86_64 | 0.1.2 | 24.20 | 57.60 | 81.80 | NOTE | |
r-release-macos-arm64 | 0.1.2 | 41.00 | NOTE | |||
r-release-macos-x86_64 | 0.1.2 | 56.00 | NOTE | |||
r-release-windows-x86_64 | 0.1.2 | 30.00 | 94.00 | 124.00 | NOTE | |
r-oldrel-macos-arm64 | 0.1.2 | 49.00 | NOTE | |||
r-oldrel-macos-x86_64 | 0.1.2 | 74.00 | NOTE | |||
r-oldrel-windows-x86_64 | 0.1.2 | 36.00 | 110.00 | 146.00 | NOTE |
Version: 0.1.2
Check: C++ specification
Result: NOTE
Specified C++11: please drop specification unless essential
Flavors: r-devel-linux-x86_64-debian-clang, r-devel-linux-x86_64-debian-gcc, r-devel-linux-x86_64-fedora-clang, r-devel-linux-x86_64-fedora-gcc, r-devel-macos-arm64, r-devel-macos-x86_64, r-devel-windows-x86_64, r-patched-linux-x86_64, r-release-linux-x86_64, r-release-macos-arm64, r-release-macos-x86_64, r-release-windows-x86_64, r-oldrel-macos-arm64, r-oldrel-macos-x86_64, r-oldrel-windows-x86_64
Version: 0.1.2
Check: Rd cross-references
Result: NOTE
Found the following Rd file(s) with Rd \link{} targets missing package
anchors:
stochBlockORP.Rd: genRandomPar
Please provide package anchors for all Rd \link{} targets not in the
package itself and the base packages.
Flavors: r-devel-linux-x86_64-debian-clang, r-devel-linux-x86_64-debian-gcc, r-devel-windows-x86_64