Last updated on 2025-10-28 08:50:22 CET.
| Flavor | Version | Tinstall | Tcheck | Ttotal | Status | Flags | 
|---|---|---|---|---|---|---|
| r-devel-linux-x86_64-debian-clang | 2.6.0 | 22.68 | 26.44 | 49.12 | NOTE | |
| r-devel-linux-x86_64-debian-gcc | 2.6.0 | 13.88 | 21.03 | 34.91 | NOTE | |
| r-devel-linux-x86_64-fedora-clang | 2.6.0 | 49.00 | 35.79 | 84.79 | NOTE | |
| r-devel-linux-x86_64-fedora-gcc | 2.6.0 | 42.00 | 33.91 | 75.91 | NOTE | |
| r-devel-windows-x86_64 | 2.6.0 | 25.00 | 61.00 | 86.00 | NOTE | |
| r-patched-linux-x86_64 | 2.6.0 | 21.01 | 25.13 | 46.14 | NOTE | |
| r-release-linux-x86_64 | 2.6.0 | 21.70 | 25.06 | 46.76 | NOTE | |
| r-release-macos-arm64 | 2.6.0 | 10.00 | 17.00 | 27.00 | NOTE | |
| r-release-macos-x86_64 | 2.6.0 | 9.00 | 26.00 | 35.00 | NOTE | |
| r-release-windows-x86_64 | 2.6.0 | 26.00 | 65.00 | 91.00 | NOTE | |
| r-oldrel-macos-arm64 | 2.6.0 | 11.00 | 15.00 | 26.00 | NOTE | |
| r-oldrel-macos-x86_64 | 2.6.0 | 9.00 | 25.00 | 34.00 | NOTE | |
| r-oldrel-windows-x86_64 | 2.6.0 | 28.00 | 81.00 | 109.00 | NOTE | 
Version: 2.6.0
Check: CRAN incoming feasibility
Result: NOTE
  Maintainer: ‘Chu-Lan Michael Kao <chulankao@gmail.com>’
  
  No Authors@R field in DESCRIPTION.
  Please add one, modifying
    Authors@R: c(person(given = "Chao",
                        family = "Du",
                        role = "aut"),
                 person(given = c("Chu-Lan", "Michael"),
                        family = "Kao",
                        role = c("aut", "cre"),
                        email = "chulankao@gmail.com"),
                 person(given = "Samuel",
                        family = "Kou",
                        role = "aut"))
  as necessary.
Flavors: r-devel-linux-x86_64-debian-clang, r-devel-linux-x86_64-debian-gcc
Version: 2.6.0
Check: C++ specification
Result: NOTE
    Specified C++11: please drop specification unless essential
Flavors: r-devel-linux-x86_64-debian-clang, r-devel-linux-x86_64-debian-gcc, r-devel-linux-x86_64-fedora-clang, r-devel-linux-x86_64-fedora-gcc, r-devel-windows-x86_64, r-patched-linux-x86_64, r-release-linux-x86_64, r-release-macos-arm64, r-release-macos-x86_64, r-release-windows-x86_64, r-oldrel-macos-arm64, r-oldrel-macos-x86_64, r-oldrel-windows-x86_64