Last updated on 2025-02-16 09:50:53 CET.
Flavor | Version | Tinstall | Tcheck | Ttotal | Status | Flags |
---|---|---|---|---|---|---|
r-devel-linux-x86_64-debian-clang | 2.0.0 | 4.85 | 100.27 | 105.12 | NOTE | |
r-devel-linux-x86_64-debian-gcc | 2.0.0 | 3.41 | 77.85 | 81.26 | NOTE | |
r-devel-linux-x86_64-fedora-clang | 2.0.0 | 178.93 | NOTE | |||
r-devel-linux-x86_64-fedora-gcc | 2.0.0 | 161.23 | NOTE | |||
r-devel-macos-arm64 | 2.0.0 | 61.00 | NOTE | |||
r-devel-macos-x86_64 | 2.0.0 | 99.00 | NOTE | |||
r-devel-windows-x86_64 | 2.0.0 | 7.00 | 161.00 | 168.00 | NOTE | |
r-patched-linux-x86_64 | 2.0.0 | 7.82 | 95.17 | 102.99 | NOTE | |
r-release-linux-x86_64 | 2.0.0 | 4.27 | 95.69 | 99.96 | NOTE | |
r-release-macos-arm64 | 2.0.0 | 56.00 | NOTE | |||
r-release-macos-x86_64 | 2.0.0 | 88.00 | NOTE | |||
r-release-windows-x86_64 | 2.0.0 | 8.00 | 160.00 | 168.00 | NOTE | |
r-oldrel-macos-arm64 | 2.0.0 | 56.00 | OK | |||
r-oldrel-macos-x86_64 | 2.0.0 | 90.00 | OK | |||
r-oldrel-windows-x86_64 | 2.0.0 | 8.00 | 185.00 | 193.00 | OK |
Version: 2.0.0
Check: Rd files
Result: NOTE
checkRd: (-1) AutoPollution.Rd:16: Lost braces
16 | \code{Side} \tab {Side of vehicle: code{1}=right or \code{2}=left}\cr
| ^
Flavors: r-devel-linux-x86_64-debian-clang, r-devel-linux-x86_64-debian-gcc, r-devel-linux-x86_64-fedora-clang, r-devel-linux-x86_64-fedora-gcc, r-devel-macos-arm64, r-devel-macos-x86_64, r-devel-windows-x86_64, r-patched-linux-x86_64, r-release-linux-x86_64, r-release-macos-arm64, r-release-macos-x86_64, r-release-windows-x86_64