CRAN Package Check Results for Package Stat2Data

Last updated on 2025-04-16 09:53:12 CEST.

Flavor Version Tinstall Tcheck Ttotal Status Flags
r-devel-linux-x86_64-debian-clang 2.0.0 4.54 101.96 106.50 NOTE
r-devel-linux-x86_64-debian-gcc 2.0.0 3.07 78.92 81.99 NOTE
r-devel-linux-x86_64-fedora-clang 2.0.0 166.17 NOTE
r-devel-linux-x86_64-fedora-gcc 2.0.0 165.21 NOTE
r-devel-windows-x86_64 2.0.0 10.00 164.00 174.00 NOTE
r-patched-linux-x86_64 2.0.0 8.08 99.34 107.42 NOTE
r-release-linux-x86_64 2.0.0 4.24 99.24 103.48 NOTE
r-release-macos-arm64 2.0.0 64.00 NOTE
r-release-macos-x86_64 2.0.0 99.00 NOTE
r-release-windows-x86_64 2.0.0 7.00 166.00 173.00 NOTE
r-oldrel-macos-arm64 2.0.0 56.00 NOTE
r-oldrel-macos-x86_64 2.0.0 88.00 NOTE
r-oldrel-windows-x86_64 2.0.0 8.00 160.00 168.00 NOTE

Check Details

Version: 2.0.0
Check: Rd files
Result: NOTE checkRd: (-1) AutoPollution.Rd:16: Lost braces 16 | \code{Side} \tab {Side of vehicle: code{1}=right or \code{2}=left}\cr | ^ Flavors: r-devel-linux-x86_64-debian-clang, r-devel-linux-x86_64-debian-gcc, r-devel-linux-x86_64-fedora-clang, r-devel-linux-x86_64-fedora-gcc, r-devel-windows-x86_64, r-patched-linux-x86_64, r-release-linux-x86_64, r-release-macos-arm64, r-release-macos-x86_64, r-release-windows-x86_64, r-oldrel-macos-arm64, r-oldrel-macos-x86_64, r-oldrel-windows-x86_64