Last updated on 2025-02-16 09:50:53 CET.
Flavor | Version | Tinstall | Tcheck | Ttotal | Status | Flags |
---|---|---|---|---|---|---|
r-devel-linux-x86_64-debian-clang | 2.1 | 7.86 | 62.77 | 70.63 | OK | |
r-devel-linux-x86_64-debian-gcc | 2.1 | 5.62 | 49.26 | 54.88 | OK | |
r-devel-linux-x86_64-fedora-clang | 2.1 | 124.61 | NOTE | |||
r-devel-linux-x86_64-fedora-gcc | 2.1 | 121.15 | NOTE | |||
r-devel-macos-arm64 | 2.1 | 44.00 | OK | |||
r-devel-macos-x86_64 | 2.1 | 88.00 | OK | |||
r-devel-windows-x86_64 | 2.1 | 8.00 | 75.00 | 83.00 | OK | |
r-patched-linux-x86_64 | 2.1 | 6.72 | 59.52 | 66.24 | OK | |
r-release-linux-x86_64 | 2.1 | 6.89 | 59.78 | 66.67 | OK | |
r-release-macos-arm64 | 2.1 | 42.00 | OK | |||
r-release-macos-x86_64 | 2.1 | 71.00 | OK | |||
r-release-windows-x86_64 | 2.1 | 9.00 | 76.00 | 85.00 | OK | |
r-oldrel-macos-arm64 | 2.1 | 46.00 | OK | |||
r-oldrel-macos-x86_64 | 2.1 | 74.00 | OK | |||
r-oldrel-windows-x86_64 | 2.1 | 11.00 | 94.00 | 105.00 | OK |
Version: 2.1
Check: dependencies in R code
Result: NOTE
Namespaces in Imports field not imported from:
‘Matrix’ ‘RSpectra’ ‘ggplot2’ ‘latex2exp’ ‘mvtnorm’
All declared Imports should be used.
Flavors: r-devel-linux-x86_64-fedora-clang, r-devel-linux-x86_64-fedora-gcc