CRAN Package Check Results for Package SphereOptimize

Last updated on 2025-02-16 09:50:53 CET.

Flavor Version Tinstall Tcheck Ttotal Status Flags
r-devel-linux-x86_64-debian-clang 0.1.1 1.59 15.94 17.53 OK
r-devel-linux-x86_64-debian-gcc 0.1.1 1.40 13.65 15.05 OK
r-devel-linux-x86_64-fedora-clang 0.1.1 30.00 OK
r-devel-linux-x86_64-fedora-gcc 0.1.1 26.88 OK
r-devel-macos-arm64 0.1.1 14.00 OK
r-devel-macos-x86_64 0.1.1 21.00 OK
r-devel-windows-x86_64 0.1.1 3.00 34.00 37.00 OK
r-patched-linux-x86_64 0.1.1 1.50 15.36 16.86 NOTE
r-release-linux-x86_64 0.1.1 1.60 15.16 16.76 NOTE
r-release-macos-arm64 0.1.1 13.00 NOTE
r-release-macos-x86_64 0.1.1 20.00 NOTE
r-release-windows-x86_64 0.1.1 4.00 34.00 38.00 NOTE
r-oldrel-macos-arm64 0.1.1 14.00 NOTE
r-oldrel-macos-x86_64 0.1.1 19.00 NOTE
r-oldrel-windows-x86_64 0.1.1 4.00 34.00 38.00 NOTE

Check Details

Version: 0.1.1
Check: LazyData
Result: NOTE 'LazyData' is specified without a 'data' directory Flavors: r-patched-linux-x86_64, r-release-linux-x86_64, r-release-macos-arm64, r-release-macos-x86_64, r-release-windows-x86_64, r-oldrel-macos-arm64, r-oldrel-macos-x86_64, r-oldrel-windows-x86_64