Last updated on 2025-02-19 09:51:04 CET.
Flavor | Version | Tinstall | Tcheck | Ttotal | Status | Flags |
---|---|---|---|---|---|---|
r-devel-linux-x86_64-debian-clang | 0.5-3 | 37.38 | 40.85 | 78.23 | NOTE | |
r-devel-linux-x86_64-debian-gcc | 0.5-3 | 24.26 | 28.61 | 52.87 | NOTE | |
r-devel-linux-x86_64-fedora-clang | 0.5-3 | 159.48 | NOTE | |||
r-devel-linux-x86_64-fedora-gcc | 0.5-3 | 144.33 | NOTE | |||
r-devel-macos-arm64 | 0.5-3 | 34.00 | NOTE | |||
r-devel-macos-x86_64 | 0.5-3 | 51.00 | NOTE | |||
r-devel-windows-x86_64 | 0.5-3 | 40.00 | 86.00 | 126.00 | NOTE | |
r-patched-linux-x86_64 | 0.5-3 | 36.50 | 38.29 | 74.79 | NOTE | |
r-release-linux-x86_64 | 0.5-3 | 35.61 | 38.17 | 73.78 | NOTE | |
r-release-macos-arm64 | 0.5-3 | 37.00 | NOTE | |||
r-release-macos-x86_64 | 0.5-3 | 46.00 | NOTE | |||
r-release-windows-x86_64 | 0.5-3 | 40.00 | 4.00 | 44.00 | FAIL | |
r-oldrel-macos-arm64 | 0.5-3 | 42.00 | OK | |||
r-oldrel-macos-x86_64 | 0.5-3 | 71.00 | OK | |||
r-oldrel-windows-x86_64 | 0.5-3 | 50.00 | 125.00 | 175.00 | OK |
Version: 0.5-3
Check: Rd files
Result: NOTE
checkRd: (-1) FitAkdParameters.Rd:23: Lost braces; missing escapes or markup?
23 | p(y|ens) = 1 / K * sum {dnorm(y, z.i, s)} \cr
| ^
Flavors: r-devel-linux-x86_64-debian-clang, r-devel-linux-x86_64-debian-gcc, r-devel-linux-x86_64-fedora-clang, r-devel-linux-x86_64-fedora-gcc, r-devel-macos-arm64, r-devel-macos-x86_64, r-devel-windows-x86_64, r-patched-linux-x86_64, r-release-linux-x86_64, r-release-macos-arm64, r-release-macos-x86_64
Version: 0.5-3
Check: package dependencies
Result: FAIL
Flavor: r-release-windows-x86_64