Last updated on 2025-02-19 09:51:03 CET.
Flavor | Version | Tinstall | Tcheck | Ttotal | Status | Flags |
---|---|---|---|---|---|---|
r-devel-linux-x86_64-debian-clang | 0.4-0 | 36.15 | 72.04 | 108.19 | OK | |
r-devel-linux-x86_64-debian-gcc | 0.4-0 | 24.76 | 50.56 | 75.32 | OK | |
r-devel-linux-x86_64-fedora-clang | 0.4-0 | 198.53 | OK | |||
r-devel-linux-x86_64-fedora-gcc | 0.4-0 | 174.59 | OK | |||
r-devel-macos-arm64 | 0.4-0 | 51.00 | OK | |||
r-devel-macos-x86_64 | 0.4-0 | 80.00 | OK | |||
r-devel-windows-x86_64 | 0.4-0 | 39.00 | 99.00 | 138.00 | OK | |
r-patched-linux-x86_64 | 0.4-0 | 35.36 | 65.48 | 100.84 | OK | |
r-release-linux-x86_64 | 0.4-0 | 32.86 | 66.51 | 99.37 | OK | |
r-release-macos-arm64 | 0.4-0 | 51.00 | NOTE | |||
r-release-macos-x86_64 | 0.4-0 | 96.00 | NOTE | |||
r-release-windows-x86_64 | 0.4-0 | 39.00 | 3.00 | 42.00 | FAIL | |
r-oldrel-macos-arm64 | 0.4-0 | 55.00 | NOTE | |||
r-oldrel-macos-x86_64 | 0.4-0 | 147.00 | NOTE | |||
r-oldrel-windows-x86_64 | 0.4-0 | 49.00 | 122.00 | 171.00 | OK |
Version: 0.4-0
Check: installed package size
Result: NOTE
installed size is 5.1Mb
sub-directories of 1Mb or more:
data 2.4Mb
libs 2.6Mb
Flavors: r-release-macos-arm64, r-release-macos-x86_64, r-oldrel-macos-arm64, r-oldrel-macos-x86_64
Version: 0.4-0
Check: package dependencies
Result: FAIL
Flavor: r-release-windows-x86_64